{"id":12436,"date":"2023-09-25T10:25:39","date_gmt":"2023-09-25T09:25:39","guid":{"rendered":"https:\/\/paroquiavilarandorinho.pt\/?page_id=12436"},"modified":"2023-09-25T10:25:39","modified_gmt":"2023-09-25T09:25:39","slug":"plano-pastoral-2022-2023","status":"publish","type":"page","link":"https:\/\/paroquiavilarandorinho.pt\/?page_id=12436","title":{"rendered":"Plano Pastoral 2022\/2023"},"content":{"rendered":"<div class=\"wpb-content-wrapper\"><p>[vc_row content_placement=&#8221;middle&#8221; css=&#8221;.vc_custom_1540304086626{padding-top: 0px !important;}&#8221;][vc_column css=&#8221;.vc_custom_1540304338338{padding-right: 27px !important;padding-left: 27px !important;}&#8221;][vc_row_inner css=&#8221;.vc_custom_1543577196674{margin-bottom: 47px !important;}&#8221;][vc_column_inner][vc_column_text]<img loading=\"lazy\" decoding=\"async\" class=\"alignnone\" src=\"https:\/\/paroquiavilarandorinho.pt\/wp-content\/uploads\/2022\/07\/diocese_porto_news.jpg\" alt=\"\" width=\"300\" height=\"225\" \/><\/p>\n<p style=\"text-align: justify;\">O Plano Pastoral 2022\/2023 articula-se e sintoniza-se com a proposta elaborada pelo COD (Comit\u00e9 Organizador Diocesano) para a JMJ 2023, inspirada na cena b\u00edblica da Visita\u00e7\u00e3o da Virgem Maria \u00e0 prima Isabel (Lc 1,39-45).<br \/>\nDepois do 1.\u00ba ano (2021\/2022), focado no movimento de Maria, que se levantou apressadamente e se p\u00f4s a caminho, o pr\u00f3ximo ano pastoral de 2022\/2023 \u201c\u00e9 uma oportunidade para valorizar as din\u00e2micas do acolhimento e da hospitalidade, ao n\u00edvel familiar e das comunidades crist\u00e3s, numa altura em que seremos convidados a hospedar jovens e a partilhar com eles as nossas riquezas familiares, culturais, eclesiais. \u00c9 fundamental preparar bem as pr\u00e9-jornadas, que s\u00e3o decisivas para o bom \u00eaxito da JMJ Lisboa 2023\u201d (PDP 2021\/2022, p. 7).<br \/>\nNa sequ\u00eancia do processo sinodal em curso, importa continuar a dar resposta \u00e0 quest\u00e3o fundamental do S\u00ednodo: \u201ccomo se realiza hoje aquele \u2018caminhar juntos\u2019, que permite \u00e0 Igreja anunciar o Evangelho, em conformidade com a miss\u00e3o que lhe foi confiada?\u201d, e ter em conta, num processo de discernimento pastoral, as indica\u00e7\u00f5es, intui\u00e7\u00f5es e sugest\u00f5es da fase diocesana do processo sinodal.<\/p>\n<p style=\"text-align: justify;\">Anexo:<br \/>\n<a href=\"https:\/\/paroquiavilarandorinho.pt\/wp-content\/uploads\/2022\/07\/Plano-Diocesano-de-Pastoral-2022-2023.pdf\">Plano Pastoral completo \u2013 Ano Pastoral 2022\/2023 \u2013 Diocese do Porto<\/a><\/p>\n<p>[\/vc_column_text][\/vc_column_inner][\/vc_row_inner][\/vc_column][\/vc_row]<\/p>\n<\/div>","protected":false},"excerpt":{"rendered":"<p>[vc_row content_placement=&#8221;middle&#8221; css=&#8221;.vc_custom_1540304086626{padding-top: 0px !important;}&#8221;][vc_column css=&#8221;.vc_custom_1540304338338{padding-right: 27px !important;padding-left: 27px !important;}&#8221;][vc_row_inner css=&#8221;.vc_custom_1543577196674{margin-bottom: 47px !important;}&#8221;][vc_column_inner][vc_column_text] O Plano Pastoral 2022\/2023 articula-se e sintoniza-se com a proposta elaborada pelo COD (Comit\u00e9 Organizador Diocesano) para [&hellip;]<\/p>\n","protected":false},"author":2,"featured_media":0,"parent":0,"menu_order":0,"comment_status":"closed","ping_status":"closed","template":"","meta":{"_acf_changed":false,"rs_blank_template":"","rs_page_bg_color":"","slide_template_v7":"","footnotes":""},"class_list":["post-12436","page","type-page","status-publish","hentry"],"acf":[],"_links":{"self":[{"href":"https:\/\/paroquiavilarandorinho.pt\/index.php?rest_route=\/wp\/v2\/pages\/12436","targetHints":{"allow":["GET"]}}],"collection":[{"href":"https:\/\/paroquiavilarandorinho.pt\/index.php?rest_route=\/wp\/v2\/pages"}],"about":[{"href":"https:\/\/paroquiavilarandorinho.pt\/index.php?rest_route=\/wp\/v2\/types\/page"}],"author":[{"embeddable":true,"href":"https:\/\/paroquiavilarandorinho.pt\/index.php?rest_route=\/wp\/v2\/users\/2"}],"replies":[{"embeddable":true,"href":"https:\/\/paroquiavilarandorinho.pt\/index.php?rest_route=%2Fwp%2Fv2%2Fcomments&post=12436"}],"version-history":[{"count":1,"href":"https:\/\/paroquiavilarandorinho.pt\/index.php?rest_route=\/wp\/v2\/pages\/12436\/revisions"}],"predecessor-version":[{"id":12437,"href":"https:\/\/paroquiavilarandorinho.pt\/index.php?rest_route=\/wp\/v2\/pages\/12436\/revisions\/12437"}],"wp:attachment":[{"href":"https:\/\/paroquiavilarandorinho.pt\/index.php?rest_route=%2Fwp%2Fv2%2Fmedia&parent=12436"}],"curies":[{"name":"wp","href":"https:\/\/api.w.org\/{rel}","templated":true}]}}