{"id":6272,"date":"2020-07-06T09:12:31","date_gmt":"2020-07-06T09:12:31","guid":{"rendered":"https:\/\/paroquiavilarandorinho.pt\/?page_id=6272"},"modified":"2025-09-15T11:33:47","modified_gmt":"2025-09-15T10:33:47","slug":"politica-de-conteudos","status":"publish","type":"page","link":"https:\/\/paroquiavilarandorinho.pt\/?page_id=6272","title":{"rendered":"Pol\u00edtica de Conte\u00fados"},"content":{"rendered":"<div class=\"wpb-content-wrapper\"><p>[vc_row content_placement=&#8221;middle&#8221; css=&#8221;.vc_custom_1540304086626{padding-top: 0px !important;}&#8221;][vc_column css=&#8221;.vc_custom_1540304338338{padding-right: 27px !important;padding-left: 27px !important;}&#8221;][vc_row_inner css=&#8221;.vc_custom_1543577196674{margin-bottom: 47px !important;}&#8221;][vc_column_inner][vc_column_text css=&#8221;&#8221;]<\/p>\n<p style=\"text-align: justify;\">O site da Par\u00f3quia do Divino Salvador de Vilar de Andorinho \u00e9 um site confessional.<br \/>\nSomos crist\u00e3os cat\u00f3licos e no nosso site reservamos o direito de inscrever conte\u00fados que subscrevem, essencialmente, tr\u00eas princ\u00edpios dos quais nunca abdicaremos:<\/p>\n<p style=\"text-align: justify;\"><strong>O princ\u00edpio da VERDADE<\/strong><\/p>\n<p style=\"text-align: justify;\"><strong>O princ\u00edpio da TRANSPAR\u00caNCIA<\/strong><\/p>\n<p style=\"text-align: justify;\"><strong>O princ\u00edpio da FIDELIDADE ao EVANGELHO.<\/strong><\/p>\n<p style=\"text-align: justify;\"><span style=\"color: inherit; font-family: inherit; font-size: inherit;\">Outros princ\u00edpios de entendimento mais geral tamb\u00e9m nos nortear\u00e3o, tais como:<\/span><\/p>\n<ul style=\"list-style-type: circle; text-align: left;\">\n<li><span style=\"color: inherit; font-family: inherit; font-size: inherit;\">Identifica\u00e7\u00e3o das fontes;<\/span><\/li>\n<li>N\u00e3o aceita\u00e7\u00e3o de textos an\u00f3nimos;<\/li>\n<li><span style=\"color: inherit; font-family: inherit; font-size: inherit;\">Etc.<\/span><\/li>\n<\/ul>\n<p style=\"text-align: justify;\"><strong>Princ\u00edpio da VERDADE<br \/>\n<\/strong>Como crist\u00e3o cat\u00f3licos n\u00e3o alimentaremos not\u00edcias falsas. O que dizemos e publicamos respeitam o que somos, pensamos e sentimos. Se alguma vez acontecer um equ\u00edvoco de imediato nos retrataremos. N\u00e3o somos perme\u00e1veis a \u201cencomendas\u201d.<\/p>\n<p style=\"text-align: justify;\"><strong>Princ\u00edpio da TRANSPAR\u00caNCIA<br \/>\n<\/strong>Como crist\u00e3os cat\u00f3licos assumimos que pugnamos por crit\u00e9rios de transpar\u00eancia. Quer no que gastamos e disso daremos contas. Quer do que recebemos e disso, tamb\u00e9m, daremos contas. Seremos rigorosos, particularmente, no que nos doam\/oferecem. Neste caso, s\u00f3 respeitaremos o princ\u00edpio do anonimato expressamente no-lo pedirem.<\/p>\n<p style=\"text-align: justify;\">Mas o princ\u00edpio da TRANSPAR\u00caNCIA vai para al\u00e9m do plano material. Seremos sempre claros nos conte\u00fados que publicarmos assinando os documentos exibidos. Se n\u00e3o forem referidas as fontes, s\u00e3o unicamente respons\u00e1veis o P\u00e1roco e o administrador do site. Ficam os contactos:<\/p>\n<p style=\"text-align: justify;\"><a href=\"mailto:administradorsite@paroquiavilarandorinho.pt\">administradorsite@paroquiavilarandorinho.pt<\/a><br \/>\n<strong><br \/>\nPrinc\u00edpio da FIDELIDADE ao EVANGELHO<br \/>\n<\/strong>Como crist\u00e3os cat\u00f3licos somos disc\u00edpulos de Jesus de Nazar\u00e9. Nunca confundiremos religi\u00e3o com evangelho. Respeitaremos posi\u00e7\u00f5es diversas, mas n\u00e3o somos obrigados a segui-las. Cumpriremos, com respeito, todas as normas consagradas no Direito Can\u00f3nico e, particularmente, no quadro da Diocese e da CEP. Estaremos sempre alinhados com o Pastor, o Papa Francisco.<\/p>\n<p>[\/vc_column_text][\/vc_column_inner][\/vc_row_inner][\/vc_column][\/vc_row]<\/p>\n<\/div>","protected":false},"excerpt":{"rendered":"<p>[vc_row content_placement=&#8221;middle&#8221; css=&#8221;.vc_custom_1540304086626{padding-top: 0px !important;}&#8221;][vc_column css=&#8221;.vc_custom_1540304338338{padding-right: 27px !important;padding-left: 27px !important;}&#8221;][vc_row_inner css=&#8221;.vc_custom_1543577196674{margin-bottom: 47px !important;}&#8221;][vc_column_inner][vc_column_text css=&#8221;&#8221;] O site da Par\u00f3quia do Divino Salvador de Vilar de Andorinho \u00e9 um site confessional. Somos [&hellip;]<\/p>\n","protected":false},"author":1,"featured_media":0,"parent":0,"menu_order":0,"comment_status":"closed","ping_status":"closed","template":"","meta":{"_acf_changed":false,"rs_blank_template":"","rs_page_bg_color":"","slide_template_v7":"","footnotes":""},"class_list":["post-6272","page","type-page","status-publish","hentry"],"acf":[],"_links":{"self":[{"href":"https:\/\/paroquiavilarandorinho.pt\/index.php?rest_route=\/wp\/v2\/pages\/6272","targetHints":{"allow":["GET"]}}],"collection":[{"href":"https:\/\/paroquiavilarandorinho.pt\/index.php?rest_route=\/wp\/v2\/pages"}],"about":[{"href":"https:\/\/paroquiavilarandorinho.pt\/index.php?rest_route=\/wp\/v2\/types\/page"}],"author":[{"embeddable":true,"href":"https:\/\/paroquiavilarandorinho.pt\/index.php?rest_route=\/wp\/v2\/users\/1"}],"replies":[{"embeddable":true,"href":"https:\/\/paroquiavilarandorinho.pt\/index.php?rest_route=%2Fwp%2Fv2%2Fcomments&post=6272"}],"version-history":[{"count":7,"href":"https:\/\/paroquiavilarandorinho.pt\/index.php?rest_route=\/wp\/v2\/pages\/6272\/revisions"}],"predecessor-version":[{"id":15857,"href":"https:\/\/paroquiavilarandorinho.pt\/index.php?rest_route=\/wp\/v2\/pages\/6272\/revisions\/15857"}],"wp:attachment":[{"href":"https:\/\/paroquiavilarandorinho.pt\/index.php?rest_route=%2Fwp%2Fv2%2Fmedia&parent=6272"}],"curies":[{"name":"wp","href":"https:\/\/api.w.org\/{rel}","templated":true}]}}