{"id":6328,"date":"2020-07-06T11:05:37","date_gmt":"2020-07-06T11:05:37","guid":{"rendered":"https:\/\/paroquiavilarandorinho.pt\/?page_id=6328"},"modified":"2020-07-29T17:14:01","modified_gmt":"2020-07-29T16:14:01","slug":"capela-de-nossa-senhora-da-paz-serpente","status":"publish","type":"page","link":"https:\/\/paroquiavilarandorinho.pt\/?page_id=6328","title":{"rendered":"Capela de Nossa Senhora da Paz (Serpente)"},"content":{"rendered":"<div class=\"wpb-content-wrapper\"><p>[vc_row content_placement=&#8221;middle&#8221; css=&#8221;.vc_custom_1540304086626{padding-top: 0px !important;}&#8221;][vc_column css=&#8221;.vc_custom_1540304338338{padding-right: 27px !important;padding-left: 27px !important;}&#8221;][vc_row_inner css=&#8221;.vc_custom_1543577196674{margin-bottom: 47px !important;}&#8221;][vc_column_inner][vc_column_text]<\/p>\n<p style=\"text-align: justify;\"><img loading=\"lazy\" decoding=\"async\" class=\"alignleft wp-image-6330 size-full\" src=\"https:\/\/paroquiavilarandorinho.pt\/wp-content\/uploads\/2020\/07\/capela_paz.jpg\" alt=\"\" width=\"442\" height=\"320\" srcset=\"https:\/\/paroquiavilarandorinho.pt\/wp-content\/uploads\/2020\/07\/capela_paz.jpg 442w, https:\/\/paroquiavilarandorinho.pt\/wp-content\/uploads\/2020\/07\/capela_paz-300x217.jpg 300w\" sizes=\"auto, (max-width: 442px) 100vw, 442px\" \/>A Capela de Nossa Senhora da Paz na Serpente, que serve os lugares da Serpente, da Rechousa e do Alto das Torres, foi a terceira capela p\u00fablica a surgir na par\u00f3quia de Vilar de Andorinho.<\/p>\n<p style=\"text-align: justify;\">Ainda na Serpente encontramos uma capela particular na Quinta da Madre de Deus. \u00c9 detentora de um belo ret\u00e1bulo maneirista onde figura o conjunto da Santa Fam\u00edlia.<\/p>\n<p style=\"text-align: justify;\">A Capela de Nossa Senhora da Paz est\u00e1 situada num terreno que faz parte da matriz r\u00fastica n\u00ba 1 de Canelas com frente para a antiga Estrada Nacional n\u00ba 1, no lugar da Rechousa, em Canelas, mas, de facto, est\u00e1 situada no lugar da Serpente, na freguesia de Vilar de Andorinho.<\/p>\n<p style=\"text-align: justify;\">Nascida da necessidade pastoral de assistir as popula\u00e7\u00f5es da Rechousa, Serpente e Alto das Torres, foi constru\u00edda a partir de um projeto do arquiteto Ant\u00f3nio Jos\u00e9 de Brito e Cunha<\/p>\n<p style=\"text-align: justify;\">Possui uma bela imagem de Cristo Crucificado de autoria da escultora canelense Margarida Santos.<\/p>\n<p style=\"text-align: justify;\">A primeira pedra foi benzida em 10 de maio de 1970, por D. Ant\u00f3nio Ferreira Gomes, ilustre bispo do Porto. Tendo sido celebrada a primeira missa em 29 de abril de 1973.<\/p>\n<p style=\"text-align: justify;\">Atualmente a sua gest\u00e3o apost\u00f3lica pertence a duas par\u00f3quias: Vilar de Andorinho e Canelas. Por raz\u00f5es geogr\u00e1ficas associadas ao Povo de Deus que serve \u00e9 Centro de Celebra\u00e7\u00e3o de Canelas e s\u00f3, esporadicamente, o p\u00e1roco de Vilar de Andorinho l\u00e1 celebra.<\/p>\n<p style=\"text-align: justify;\"><strong><em>Recolha livre em S\u00e3o Salvador de Vilar de Andorinho \u2013 Notas Monogr\u00e1ficas \u2013 de Francisco Barbosa da Costa e Paulo Costa, edi\u00e7\u00e3o da JFVAndorinho, 2013<\/em><\/strong><\/p>\n<p>[\/vc_column_text][\/vc_column_inner][\/vc_row_inner][\/vc_column][\/vc_row]<\/p>\n<\/div>","protected":false},"excerpt":{"rendered":"<p>[vc_row content_placement=&#8221;middle&#8221; css=&#8221;.vc_custom_1540304086626{padding-top: 0px !important;}&#8221;][vc_column css=&#8221;.vc_custom_1540304338338{padding-right: 27px !important;padding-left: 27px !important;}&#8221;][vc_row_inner css=&#8221;.vc_custom_1543577196674{margin-bottom: 47px !important;}&#8221;][vc_column_inner][vc_column_text] A Capela de Nossa Senhora da Paz na Serpente, que serve os lugares da Serpente, da Rechousa [&hellip;]<\/p>\n","protected":false},"author":1,"featured_media":0,"parent":0,"menu_order":0,"comment_status":"closed","ping_status":"closed","template":"","meta":{"_acf_changed":false,"rs_blank_template":"","rs_page_bg_color":"#ffffff","slide_template_v7":"","footnotes":""},"class_list":["post-6328","page","type-page","status-publish","hentry"],"acf":[],"_links":{"self":[{"href":"https:\/\/paroquiavilarandorinho.pt\/index.php?rest_route=\/wp\/v2\/pages\/6328","targetHints":{"allow":["GET"]}}],"collection":[{"href":"https:\/\/paroquiavilarandorinho.pt\/index.php?rest_route=\/wp\/v2\/pages"}],"about":[{"href":"https:\/\/paroquiavilarandorinho.pt\/index.php?rest_route=\/wp\/v2\/types\/page"}],"author":[{"embeddable":true,"href":"https:\/\/paroquiavilarandorinho.pt\/index.php?rest_route=\/wp\/v2\/users\/1"}],"replies":[{"embeddable":true,"href":"https:\/\/paroquiavilarandorinho.pt\/index.php?rest_route=%2Fwp%2Fv2%2Fcomments&post=6328"}],"version-history":[{"count":5,"href":"https:\/\/paroquiavilarandorinho.pt\/index.php?rest_route=\/wp\/v2\/pages\/6328\/revisions"}],"predecessor-version":[{"id":7531,"href":"https:\/\/paroquiavilarandorinho.pt\/index.php?rest_route=\/wp\/v2\/pages\/6328\/revisions\/7531"}],"wp:attachment":[{"href":"https:\/\/paroquiavilarandorinho.pt\/index.php?rest_route=%2Fwp%2Fv2%2Fmedia&parent=6328"}],"curies":[{"name":"wp","href":"https:\/\/api.w.org\/{rel}","templated":true}]}}