{"id":6334,"date":"2020-07-06T11:09:32","date_gmt":"2020-07-06T11:09:32","guid":{"rendered":"https:\/\/paroquiavilarandorinho.pt\/?page_id=6334"},"modified":"2020-07-22T14:33:18","modified_gmt":"2020-07-22T13:33:18","slug":"capela-de-nossa-senhora-dos-cristaos-balteiro","status":"publish","type":"page","link":"https:\/\/paroquiavilarandorinho.pt\/?page_id=6334","title":{"rendered":"Capela de Nossa Senhora dos Crist\u00e3os (Balteiro)"},"content":{"rendered":"<div class=\"wpb-content-wrapper\"><p>[vc_row content_placement=&#8221;middle&#8221; css=&#8221;.vc_custom_1540304086626{padding-top: 0px !important;}&#8221;][vc_column css=&#8221;.vc_custom_1540304338338{padding-right: 27px !important;padding-left: 27px !important;}&#8221;][vc_row_inner css=&#8221;.vc_custom_1543577196674{margin-bottom: 47px !important;}&#8221;][vc_column_inner][vc_column_text]<\/p>\n<p style=\"text-align: justify;\"><img loading=\"lazy\" decoding=\"async\" class=\"alignleft wp-image-6336 size-full\" src=\"https:\/\/paroquiavilarandorinho.pt\/wp-content\/uploads\/2020\/07\/capela_cristaos.jpg\" alt=\"\" width=\"537\" height=\"403\" srcset=\"https:\/\/paroquiavilarandorinho.pt\/wp-content\/uploads\/2020\/07\/capela_cristaos.jpg 537w, https:\/\/paroquiavilarandorinho.pt\/wp-content\/uploads\/2020\/07\/capela_cristaos-300x225.jpg 300w\" sizes=\"auto, (max-width: 537px) 100vw, 537px\" \/>O Relat\u00f3rio do Conselho de F\u00e1brica da Igreja do ano de 1966 consagrava a aquisi\u00e7\u00e3o, por heran\u00e7a de D. Francisca Pereira Tavares de uma mata em terras de Balteiro, no qual foi constru\u00edda uma capela \u2013 a Capela de Nossa Senhora M\u00e3e dos Crist\u00e3os na designa\u00e7\u00e3o atual \u2013 para servir o povo da par\u00f3quia e especialmente daquele lugar e redondezas.<\/p>\n<p style=\"text-align: justify;\">Foi benzida a 19 de agosto de 1967 a primeira pedra da Capela.<\/p>\n<p style=\"text-align: justify;\">Em 30 de abril de 1994, a Comiss\u00e3o da Capela de Balteiro, representada pelo p\u00e1roco Padre Floro Dias Alves, outorgou ao cons\u00f3rcio de empresas Soares da Costa S.A., Teixeira Duarte &#8211; Engenharia e Constru\u00e7\u00f5es S.A. e Monte &amp; Monte S.A., um contrato de arrendamento de uma faixa de terreno com a \u00e1rea aproximada de 17 450m2, por 20 meses, prorrog\u00e1veis, n\u00e3o podendo, contudo, ultrapassar o tempo de empreitada da constru\u00e7\u00e3o do IP1- acessos, \u00e0 Ponte do Freixo, na margem esquerda. O arrendamento foi feito mediante o pagamento de 160\u00a0000,00 Escudos\/mensais, pagos no final de cada m\u00eas de ocupa\u00e7\u00e3o, mediante recibo.<\/p>\n<p style=\"text-align: justify;\">De julho de 1994 a outubro de 1998 o cons\u00f3rcio fez donativos para as obras da capela de Balteiro na correspond\u00eancia das rendas contratadas.<\/p>\n<p style=\"text-align: justify;\">A capela de Balteiro \u2013 conhecida por Capela de Nossa Senhora M\u00e3e dos Crist\u00e3os &#8211; foi a segunda capela p\u00fablica a ser constru\u00edda em terras de Vilar de Andorinho. Inaugurada nos princ\u00edpios da d\u00e9cada de 1970, exterioriza umas linhas singelas, mas apresenta umas bem mais trabalhadas no seu interior.<\/p>\n<p>[\/vc_column_text][\/vc_column_inner][\/vc_row_inner][\/vc_column][\/vc_row]<\/p>\n<\/div>","protected":false},"excerpt":{"rendered":"<p>[vc_row content_placement=&#8221;middle&#8221; css=&#8221;.vc_custom_1540304086626{padding-top: 0px !important;}&#8221;][vc_column css=&#8221;.vc_custom_1540304338338{padding-right: 27px !important;padding-left: 27px !important;}&#8221;][vc_row_inner css=&#8221;.vc_custom_1543577196674{margin-bottom: 47px !important;}&#8221;][vc_column_inner][vc_column_text] O Relat\u00f3rio do Conselho de F\u00e1brica da Igreja do ano de 1966 consagrava a aquisi\u00e7\u00e3o, por heran\u00e7a [&hellip;]<\/p>\n","protected":false},"author":1,"featured_media":0,"parent":0,"menu_order":0,"comment_status":"closed","ping_status":"closed","template":"","meta":{"_acf_changed":false,"rs_blank_template":"","rs_page_bg_color":"#ffffff","slide_template_v7":"","footnotes":""},"class_list":["post-6334","page","type-page","status-publish","hentry"],"acf":[],"_links":{"self":[{"href":"https:\/\/paroquiavilarandorinho.pt\/index.php?rest_route=\/wp\/v2\/pages\/6334","targetHints":{"allow":["GET"]}}],"collection":[{"href":"https:\/\/paroquiavilarandorinho.pt\/index.php?rest_route=\/wp\/v2\/pages"}],"about":[{"href":"https:\/\/paroquiavilarandorinho.pt\/index.php?rest_route=\/wp\/v2\/types\/page"}],"author":[{"embeddable":true,"href":"https:\/\/paroquiavilarandorinho.pt\/index.php?rest_route=\/wp\/v2\/users\/1"}],"replies":[{"embeddable":true,"href":"https:\/\/paroquiavilarandorinho.pt\/index.php?rest_route=%2Fwp%2Fv2%2Fcomments&post=6334"}],"version-history":[{"count":3,"href":"https:\/\/paroquiavilarandorinho.pt\/index.php?rest_route=\/wp\/v2\/pages\/6334\/revisions"}],"predecessor-version":[{"id":6521,"href":"https:\/\/paroquiavilarandorinho.pt\/index.php?rest_route=\/wp\/v2\/pages\/6334\/revisions\/6521"}],"wp:attachment":[{"href":"https:\/\/paroquiavilarandorinho.pt\/index.php?rest_route=%2Fwp%2Fv2%2Fmedia&parent=6334"}],"curies":[{"name":"wp","href":"https:\/\/api.w.org\/{rel}","templated":true}]}}