{"id":6352,"date":"2020-07-06T13:44:58","date_gmt":"2020-07-06T13:44:58","guid":{"rendered":"https:\/\/paroquiavilarandorinho.pt\/?page_id=6352"},"modified":"2020-07-16T09:13:29","modified_gmt":"2020-07-16T09:13:29","slug":"regras-a-cumprir-no-quadro-do-covid-19-eucaristia","status":"publish","type":"page","link":"https:\/\/paroquiavilarandorinho.pt\/?page_id=6352","title":{"rendered":"Regras a cumprir no quadro do COVID-19"},"content":{"rendered":"<div class=\"wpb-content-wrapper\"><p>[vc_row content_placement=&#8221;middle&#8221; css=&#8221;.vc_custom_1540304086626{padding-top: 0px !important;}&#8221;][vc_column css=&#8221;.vc_custom_1540304338338{padding-right: 27px !important;padding-left: 27px !important;}&#8221;][vc_row_inner css=&#8221;.vc_custom_1543577196674{margin-bottom: 47px !important;}&#8221;][vc_column_inner][vc_column_text]<strong>Culto P\u00fablico Cat\u00f3lico<\/strong><\/p>\n<p><a href=\"https:\/\/www.diocese-porto.pt\/media\/2256\/orientacoescep_8maio2020.pdf\" target=\"_blank\" rel=\"noopener noreferrer\">Orienta\u00e7\u00f5es da Confer\u00eancia Episcopal Portuguesa para a celebra\u00e7\u00e3o do Culto p\u00fablico cat\u00f3lico no contexto da pandemia COVID-19<\/a><u><\/u><\/p>\n<p><a href=\"http:\/\/www.conferenciaepiscopal.pt\/v1\/wp-content\/uploads\/DGS_LavagemMaos.pdf\" target=\"_blank\" rel=\"noopener noreferrer\">Lavagem das m\u00e3os<\/a><u><\/u><\/p>\n<p><a href=\"http:\/\/www.conferenciaepiscopal.pt\/v1\/wp-content\/uploads\/DGS_Mascaras.pdf\" target=\"_blank\" rel=\"noopener noreferrer\">M\u00e1scaras<\/a><u><\/u><\/p>\n<p><a href=\"http:\/\/www.conferenciaepiscopal.pt\/v1\/wp-content\/uploads\/DGS_OracaoSegura.pdf\" target=\"_blank\" rel=\"noopener noreferrer\">Ora\u00e7\u00e3o Segura<\/a><u><\/u><\/p>\n<p><a href=\"http:\/\/www.conferenciaepiscopal.pt\/v1\/wp-content\/uploads\/DGS_PassosComungar.pdf\" target=\"_blank\" rel=\"noopener noreferrer\">Passos necess\u00e1rios para comungar<\/a><u><\/u><\/p>\n<p><a href=\"http:\/\/www.conferenciaepiscopal.pt\/v1\/wp-content\/uploads\/DGS_PassosComungar.pdf\" target=\"_blank\" rel=\"noopener noreferrer\">Medidas Gerais<\/a><u><\/u>[\/vc_column_text][\/vc_column_inner][\/vc_row_inner][\/vc_column][\/vc_row]<\/p>\n<\/div>","protected":false},"excerpt":{"rendered":"<p>[vc_row content_placement=&#8221;middle&#8221; css=&#8221;.vc_custom_1540304086626{padding-top: 0px !important;}&#8221;][vc_column css=&#8221;.vc_custom_1540304338338{padding-right: 27px !important;padding-left: 27px !important;}&#8221;][vc_row_inner css=&#8221;.vc_custom_1543577196674{margin-bottom: 47px !important;}&#8221;][vc_column_inner][vc_column_text]Culto P\u00fablico Cat\u00f3lico Orienta\u00e7\u00f5es da Confer\u00eancia Episcopal Portuguesa para a celebra\u00e7\u00e3o do Culto p\u00fablico cat\u00f3lico no contexto da [&hellip;]<\/p>\n","protected":false},"author":1,"featured_media":0,"parent":0,"menu_order":0,"comment_status":"closed","ping_status":"closed","template":"","meta":{"_acf_changed":false,"rs_blank_template":"","rs_page_bg_color":"#ffffff","slide_template_v7":"","footnotes":""},"class_list":["post-6352","page","type-page","status-publish","hentry"],"acf":[],"_links":{"self":[{"href":"https:\/\/paroquiavilarandorinho.pt\/index.php?rest_route=\/wp\/v2\/pages\/6352","targetHints":{"allow":["GET"]}}],"collection":[{"href":"https:\/\/paroquiavilarandorinho.pt\/index.php?rest_route=\/wp\/v2\/pages"}],"about":[{"href":"https:\/\/paroquiavilarandorinho.pt\/index.php?rest_route=\/wp\/v2\/types\/page"}],"author":[{"embeddable":true,"href":"https:\/\/paroquiavilarandorinho.pt\/index.php?rest_route=\/wp\/v2\/users\/1"}],"replies":[{"embeddable":true,"href":"https:\/\/paroquiavilarandorinho.pt\/index.php?rest_route=%2Fwp%2Fv2%2Fcomments&post=6352"}],"version-history":[{"count":3,"href":"https:\/\/paroquiavilarandorinho.pt\/index.php?rest_route=\/wp\/v2\/pages\/6352\/revisions"}],"predecessor-version":[{"id":6423,"href":"https:\/\/paroquiavilarandorinho.pt\/index.php?rest_route=\/wp\/v2\/pages\/6352\/revisions\/6423"}],"wp:attachment":[{"href":"https:\/\/paroquiavilarandorinho.pt\/index.php?rest_route=%2Fwp%2Fv2%2Fmedia&parent=6352"}],"curies":[{"name":"wp","href":"https:\/\/api.w.org\/{rel}","templated":true}]}}

<div class="wpb-content-wrapper"><p>[vc_row content_placement=&#8221;middle&#8221; css=&#8221;.vc_custom_1540304086626{padding-top: 0px !important;}&#8221;][vc_column css=&#8221;.vc_custom_1540304338338{padding-right: 27px !important;padding-left: 27px !important;}&#8221;][vc_row_inner css=&#8221;.vc_custom_1543577196674{margin-bottom: 47px !important;}&#8221;][vc_column_inner][vc_column_text]<strong>Culto Público Católico</strong></p>
<p><a href="https://www.diocese-porto.pt/media/2256/orientacoescep_8maio2020.pdf" target="_blank" rel="noopener noreferrer">Orientações da Conferência Episcopal Portuguesa para a celebração do Culto público católico no contexto da pandemia COVID-19</a><u></u></p>
<p><a href="http://www.conferenciaepiscopal.pt/v1/wp-content/uploads/DGS_LavagemMaos.pdf" target="_blank" rel="noopener noreferrer">Lavagem das mãos</a><u></u></p>
<p><a href="http://www.conferenciaepiscopal.pt/v1/wp-content/uploads/DGS_Mascaras.pdf" target="_blank" rel="noopener noreferrer">Máscaras</a><u></u></p>
<p><a href="http://www.conferenciaepiscopal.pt/v1/wp-content/uploads/DGS_OracaoSegura.pdf" target="_blank" rel="noopener noreferrer">Oração Segura</a><u></u></p>
<p><a href="http://www.conferenciaepiscopal.pt/v1/wp-content/uploads/DGS_PassosComungar.pdf" target="_blank" rel="noopener noreferrer">Passos necessários para comungar</a><u></u></p>
<p><a href="http://www.conferenciaepiscopal.pt/v1/wp-content/uploads/DGS_PassosComungar.pdf" target="_blank" rel="noopener noreferrer">Medidas Gerais</a><u></u>[/vc_column_text][/vc_column_inner][/vc_row_inner][/vc_column][/vc_row]</p>
</div>

<p>[vc_row content_placement=&#8221;middle&#8221; css=&#8221;.vc_custom_1540304086626{padding-top: 0px !important;}&#8221;][vc_column css=&#8221;.vc_custom_1540304338338{padding-right: 27px !important;padding-left: 27px !important;}&#8221;][vc_row_inner css=&#8221;.vc_custom_1543577196674{margin-bottom: 47px !important;}&#8221;][vc_column_inner][vc_column_text]Culto Público Católico Orientações da Conferência Episcopal Portuguesa para a celebração do Culto público católico no contexto da [&hellip;]</p>
