{"id":6412,"date":"2020-07-07T09:24:43","date_gmt":"2020-07-07T09:24:43","guid":{"rendered":"https:\/\/paroquiavilarandorinho.pt\/?page_id=6412"},"modified":"2020-07-30T14:27:09","modified_gmt":"2020-07-30T13:27:09","slug":"cspva-centro-social-e-paroquial","status":"publish","type":"page","link":"https:\/\/paroquiavilarandorinho.pt\/?page_id=6412","title":{"rendered":"CSPVA &#8211; Centro Social e Paroquial"},"content":{"rendered":"<div class=\"wpb-content-wrapper\"><p>[vc_row content_placement=&#8221;middle&#8221; css=&#8221;.vc_custom_1540304086626{padding-top: 0px !important;}&#8221;][vc_column css=&#8221;.vc_custom_1540304338338{padding-right: 27px !important;padding-left: 27px !important;}&#8221;][vc_single_image image=&#8221;6479&#8243; img_size=&#8221;full&#8221; alignment=&#8221;center&#8221;][vc_row_inner css=&#8221;.vc_custom_1543577196674{margin-bottom: 47px !important;}&#8221;][vc_column_inner][vc_column_text]<\/p>\n<p style=\"text-align: justify;\">O Centro Social e Paroquial de Vilar de Andorinho (CSPVA), surge em 2009 com a vontade de um grupo de paroquianos, liderados pelo p\u00e1roco, Padre Albino Reis, em dar uma resposta social e caritativa mais estruturada aos problemas e pedidos que se tornavam cada vez mais urgentes.<br \/>\n\u00c9 ent\u00e3o reconhecida como IPSS a 03\/02\/2011, passando a funcionar nas antigas instala\u00e7\u00f5es cedidas \u00e0 par\u00f3quia, sitas na Rua de Vila d\u2019Este, em plena urbaniza\u00e7\u00e3o de Vila d\u2019Este.<br \/>\nO primeiro grande projeto desenvolvido foi a \u201cSopa com Cora\u00e7\u00e3o\u201d, impulsionado por uma volunt\u00e1ria (Esperan\u00e7a) que cozinhou diariamente, durante 3 meses cerca de 200 sopas. Este projeto, infelizmente encontra-se num suspenso, devido \u00e0 falta de instala\u00e7\u00f5es pr\u00f3prias para o efeito, uma vez que era realizado na cozinha cedida por outra paroquiana (Ana) e devido ao esmorecimento do entusiasmo inicial dos volunt\u00e1rios.<\/p>\n<p style=\"text-align: justify;\"><strong>Espa\u00e7o + Idade (Centro de Conv\u00edvio)<br \/>\n<\/strong>Resposta Social de apoio a atividades sociais, recreativas e culturais, organizadas e dinamizadas com participa\u00e7\u00e3o ativa das pessoas idosas, residentes numa determinada comunidade.<\/p>\n<p style=\"text-align: justify;\"><strong>Objetivos<\/strong><\/p>\n<ul style=\"text-align: justify;\">\n<li>Prevenir a solid\u00e3o e o isolamento<\/li>\n<li>Incentivar a participa\u00e7\u00e3o e inclus\u00e3o dos idosos na vida social local<\/li>\n<li>Fomentar as rela\u00e7\u00f5es interpessoais e entre as gera\u00e7\u00f5es<\/li>\n<li>Contribuir para retardar ou evitar ao m\u00e1ximo o internamento em institui\u00e7\u00f5es.<\/li>\n<\/ul>\n<p style=\"text-align: justify;\"><strong>O Espa\u00e7o + Idade assegura a presta\u00e7\u00e3o dos seguintes cuidados e servi\u00e7os:<\/strong><\/p>\n<p style=\"text-align: justify;\">\u2013 Atividades socioculturais, l\u00fadico-recreativas, de motricidade e de estimula\u00e7\u00e3o cognitiva;<br \/>\n\u2013 Alimenta\u00e7\u00e3o, nomeadamente o lanche;<br \/>\n\u2013 Articula\u00e7\u00e3o com os servi\u00e7os locais de sa\u00fade, quando necess\u00e1rio;<br \/>\n\u2013 Transporte;<br \/>\n\u2013 Disponibiliza\u00e7\u00e3o de produtos de apoio \u00e0 funcionalidade e autonomia.<\/p>\n<h5 style=\"text-align: justify;\">Consulte-nos em:<\/h5>\n<p style=\"text-align: justify;\"><a href=\"\/\/www.cspvilarandorinho.pt\">www.cspvilarandorinho.pt<\/a><\/p>\n<h5 style=\"text-align: justify;\">Contacte-nos para:<\/h5>\n<p style=\"text-align: justify;\"><a href=\"mailto:geral@cspvilarandorinho.pt\">geral@cspvilarandorinho.pt<\/a><br \/>\n<a href=\"mailto:dtecnica@cspvilarandorinho.pt\">dtecnica@cspvilarandorinho.pt<\/a><br \/>\n<a href=\"mailto:secretaria@cspvilarandorinho.pt\">secretaria@cspvilarandorinho.pt<\/a><\/p>\n<p style=\"text-align: justify;\"><strong>DISPON\u00cdVEIS DAS 09H \u2013 18H<br \/>\n<\/strong><strong>+351 224 917 777<br \/>\n+351 915 412 288<\/strong><\/p>\n<p>[\/vc_column_text][\/vc_column_inner][\/vc_row_inner][\/vc_column][\/vc_row]<\/p>\n<\/div>","protected":false},"excerpt":{"rendered":"<p>[vc_row content_placement=&#8221;middle&#8221; css=&#8221;.vc_custom_1540304086626{padding-top: 0px !important;}&#8221;][vc_column css=&#8221;.vc_custom_1540304338338{padding-right: 27px !important;padding-left: 27px !important;}&#8221;][vc_single_image image=&#8221;6479&#8243; img_size=&#8221;full&#8221; alignment=&#8221;center&#8221;][vc_row_inner css=&#8221;.vc_custom_1543577196674{margin-bottom: 47px !important;}&#8221;][vc_column_inner][vc_column_text] O Centro Social e Paroquial de Vilar de Andorinho (CSPVA), surge em 2009 com [&hellip;]<\/p>\n","protected":false},"author":1,"featured_media":0,"parent":0,"menu_order":0,"comment_status":"closed","ping_status":"closed","template":"","meta":{"_acf_changed":false,"rs_blank_template":"","rs_page_bg_color":"#ffffff","slide_template_v7":"","footnotes":""},"class_list":["post-6412","page","type-page","status-publish","hentry"],"acf":[],"_links":{"self":[{"href":"https:\/\/paroquiavilarandorinho.pt\/index.php?rest_route=\/wp\/v2\/pages\/6412","targetHints":{"allow":["GET"]}}],"collection":[{"href":"https:\/\/paroquiavilarandorinho.pt\/index.php?rest_route=\/wp\/v2\/pages"}],"about":[{"href":"https:\/\/paroquiavilarandorinho.pt\/index.php?rest_route=\/wp\/v2\/types\/page"}],"author":[{"embeddable":true,"href":"https:\/\/paroquiavilarandorinho.pt\/index.php?rest_route=\/wp\/v2\/users\/1"}],"replies":[{"embeddable":true,"href":"https:\/\/paroquiavilarandorinho.pt\/index.php?rest_route=%2Fwp%2Fv2%2Fcomments&post=6412"}],"version-history":[{"count":7,"href":"https:\/\/paroquiavilarandorinho.pt\/index.php?rest_route=\/wp\/v2\/pages\/6412\/revisions"}],"predecessor-version":[{"id":7568,"href":"https:\/\/paroquiavilarandorinho.pt\/index.php?rest_route=\/wp\/v2\/pages\/6412\/revisions\/7568"}],"wp:attachment":[{"href":"https:\/\/paroquiavilarandorinho.pt\/index.php?rest_route=%2Fwp%2Fv2%2Fmedia&parent=6412"}],"curies":[{"name":"wp","href":"https:\/\/api.w.org\/{rel}","templated":true}]}}