{"id":6488,"date":"2020-07-09T08:36:50","date_gmt":"2020-07-09T08:36:50","guid":{"rendered":"https:\/\/paroquiavilarandorinho.pt\/?page_id=6488"},"modified":"2020-07-29T17:14:34","modified_gmt":"2020-07-29T16:14:34","slug":"centros-de-celebracao-eclesial-atendimento","status":"publish","type":"page","link":"https:\/\/paroquiavilarandorinho.pt\/?page_id=6488","title":{"rendered":"Centros de Celebra\u00e7\u00e3o Eclesial"},"content":{"rendered":"<div class=\"wpb-content-wrapper\"><p>[vc_row content_placement=&#8221;middle&#8221; css=&#8221;.vc_custom_1540304086626{padding-top: 0px !important;}&#8221;][vc_column css=&#8221;.vc_custom_1540304338338{padding-right: 27px !important;padding-left: 27px !important;}&#8221;][vc_row_inner css=&#8221;.vc_custom_1543577196674{margin-bottom: 47px !important;}&#8221;][vc_column_inner][vc_column_text]<\/p>\n<p><strong>\u201cIgreja de portas abertas\u201d. <\/strong><\/p>\n<p>Este lema queremos que aconte\u00e7a na par\u00f3quia de Vilar de Andorinho. Procuramos ter os 3 principais centros de celebra\u00e7\u00e3o abertos o maior espa\u00e7o di\u00e1rio poss\u00edvel. Teremos, sempre, que acautelar a \u201cintrus\u00e3o\u201d de quem n\u00e3o visita uma igreja por bons motivos. Compreender-nos-\u00e1, estamos certos.<\/p>\n<p>Se tiver dificuldades, ficam os contactos dos paroquianos que ajudam este projeto.<\/p>\n<p><strong>Igreja Matriz<\/strong><\/p>\n<p>Avelino Gon\u00e7alves \u2013 Telem\u00f3vel: 933 826 899<\/p>\n<p><strong>Igreja da Sagrada Fam\u00edlia (Vila d\u2019Este)<\/strong><\/p>\n<p>Fernanda Xavier \u2013 Telem\u00f3vel: 916 8632 678<\/p>\n<p><strong>Capela de Nossa Senhora M\u00e3e dos Crist\u00e3os (Balteiro)<\/strong><\/p>\n<p>Margarida Martins \u2013 Telem\u00f3vel: 931 849 669<\/p>\n<p>Ana Silva Rocha \u2013 Telem\u00f3vel: 962 610 751<\/p>\n<p>[\/vc_column_text][\/vc_column_inner][\/vc_row_inner][\/vc_column][\/vc_row]<\/p>\n<\/div>","protected":false},"excerpt":{"rendered":"<p>[vc_row content_placement=&#8221;middle&#8221; css=&#8221;.vc_custom_1540304086626{padding-top: 0px !important;}&#8221;][vc_column css=&#8221;.vc_custom_1540304338338{padding-right: 27px !important;padding-left: 27px !important;}&#8221;][vc_row_inner css=&#8221;.vc_custom_1543577196674{margin-bottom: 47px !important;}&#8221;][vc_column_inner][vc_column_text] \u201cIgreja de portas abertas\u201d. Este lema queremos que aconte\u00e7a na par\u00f3quia de Vilar de Andorinho. Procuramos ter [&hellip;]<\/p>\n","protected":false},"author":1,"featured_media":0,"parent":0,"menu_order":0,"comment_status":"closed","ping_status":"closed","template":"","meta":{"_acf_changed":false,"rs_blank_template":"","rs_page_bg_color":"#ffffff","slide_template_v7":"","footnotes":""},"class_list":["post-6488","page","type-page","status-publish","hentry"],"acf":[],"_links":{"self":[{"href":"https:\/\/paroquiavilarandorinho.pt\/index.php?rest_route=\/wp\/v2\/pages\/6488","targetHints":{"allow":["GET"]}}],"collection":[{"href":"https:\/\/paroquiavilarandorinho.pt\/index.php?rest_route=\/wp\/v2\/pages"}],"about":[{"href":"https:\/\/paroquiavilarandorinho.pt\/index.php?rest_route=\/wp\/v2\/types\/page"}],"author":[{"embeddable":true,"href":"https:\/\/paroquiavilarandorinho.pt\/index.php?rest_route=\/wp\/v2\/users\/1"}],"replies":[{"embeddable":true,"href":"https:\/\/paroquiavilarandorinho.pt\/index.php?rest_route=%2Fwp%2Fv2%2Fcomments&post=6488"}],"version-history":[{"count":4,"href":"https:\/\/paroquiavilarandorinho.pt\/index.php?rest_route=\/wp\/v2\/pages\/6488\/revisions"}],"predecessor-version":[{"id":7532,"href":"https:\/\/paroquiavilarandorinho.pt\/index.php?rest_route=\/wp\/v2\/pages\/6488\/revisions\/7532"}],"wp:attachment":[{"href":"https:\/\/paroquiavilarandorinho.pt\/index.php?rest_route=%2Fwp%2Fv2%2Fmedia&parent=6488"}],"curies":[{"name":"wp","href":"https:\/\/api.w.org\/{rel}","templated":true}]}}

Centros de Celebração Eclesial

<div class="wpb-content-wrapper"><p>[vc_row content_placement=&#8221;middle&#8221; css=&#8221;.vc_custom_1540304086626{padding-top: 0px !important;}&#8221;][vc_column css=&#8221;.vc_custom_1540304338338{padding-right: 27px !important;padding-left: 27px !important;}&#8221;][vc_row_inner css=&#8221;.vc_custom_1543577196674{margin-bottom: 47px !important;}&#8221;][vc_column_inner][vc_column_text]</p>
<p><strong>“Igreja de portas abertas”. </strong></p>
<p>Este lema queremos que aconteça na paróquia de Vilar de Andorinho. Procuramos ter os 3 principais centros de celebração abertos o maior espaço diário possível. Teremos, sempre, que acautelar a “intrusão” de quem não visita uma igreja por bons motivos. Compreender-nos-á, estamos certos.</p>
<p>Se tiver dificuldades, ficam os contactos dos paroquianos que ajudam este projeto.</p>
<p><strong>Igreja Matriz</strong></p>
<p>Avelino Gonçalves – Telemóvel: 933 826 899</p>
<p><strong>Igreja da Sagrada Família (Vila d’Este)</strong></p>
<p>Fernanda Xavier – Telemóvel: 916 8632 678</p>
<p><strong>Capela de Nossa Senhora Mãe dos Cristãos (Balteiro)</strong></p>
<p>Margarida Martins – Telemóvel: 931 849 669</p>
<p>Ana Silva Rocha – Telemóvel: 962 610 751</p>
<p>[/vc_column_text][/vc_column_inner][/vc_row_inner][/vc_column][/vc_row]</p>
</div>

<p>[vc_row content_placement=&#8221;middle&#8221; css=&#8221;.vc_custom_1540304086626{padding-top: 0px !important;}&#8221;][vc_column css=&#8221;.vc_custom_1540304338338{padding-right: 27px !important;padding-left: 27px !important;}&#8221;][vc_row_inner css=&#8221;.vc_custom_1543577196674{margin-bottom: 47px !important;}&#8221;][vc_column_inner][vc_column_text] “Igreja de portas abertas”. Este lema queremos que aconteça na paróquia de Vilar de Andorinho. Procuramos ter [&hellip;]</p>
