{"id":6664,"date":"2020-07-10T15:05:36","date_gmt":"2020-07-10T15:05:36","guid":{"rendered":"https:\/\/paroquiavilarandorinho.pt\/?page_id=6664"},"modified":"2025-09-08T16:36:45","modified_gmt":"2025-09-08T15:36:45","slug":"papa-francisco","status":"publish","type":"page","link":"https:\/\/paroquiavilarandorinho.pt\/?page_id=6664","title":{"rendered":"Papa Francisco"},"content":{"rendered":"<div class=\"wpb-content-wrapper\"><p>[vc_row content_placement=&#8221;middle&#8221; css=&#8221;.vc_custom_1540304086626{padding-top: 0px !important;}&#8221;][vc_column css=&#8221;.vc_custom_1540304338338{padding-right: 27px !important;padding-left: 27px !important;}&#8221;][vc_single_image image=&#8221;6666&#8243; img_size=&#8221;full&#8221; alignment=&#8221;center&#8221;][vc_row_inner css=&#8221;.vc_custom_1543577196674{margin-bottom: 47px !important;}&#8221;][vc_column_inner][vc_column_text css=&#8221;&#8221;]<\/p>\n<h5 style=\"text-align: justify;\"><strong>Catequeses do Papa Francisco<\/strong><\/h5>\n<ul style=\"text-align: justify;\">\n<li><strong><u><a href=\"https:\/\/paroquiavilarandorinho.pt\/?p=13578\" rel=\"noopener noreferrer\">Documentos do Papa Francisco sobre a Catequese<\/a><\/u><\/strong><\/li>\n<\/ul>\n<p>&nbsp;<\/p>\n<h5 style=\"text-align: justify;\"><strong>Enc\u00edclicas do Papa Francisco<\/strong><\/h5>\n<ul style=\"text-align: justify;\">\n<li><strong><u><a href=\"\/\/paroquiavilarandorinho.pt\/wp-content\/uploads\/2020\/10\/Carta-Enciclica-Fratelli-Tutti-Papa-Francisco-03.10.2020.pdf\" target=\"_blank\" rel=\"noopener noreferrer\">Carta Enc\u00edclica Fratelli Tutti (03 de outubro de 2020)<\/a><\/u><\/strong><\/li>\n<\/ul>\n<ul style=\"text-align: justify;\">\n<li><strong><u><a href=\"http:\/\/w2.vatican.va\/content\/francesco\/pt\/encyclicals\/documents\/papa-francesco_20150524_enciclica-laudato-si.html\" target=\"_blank\" rel=\"noopener noreferrer\">Laudato si&#8217; (24 de maio de 2015)<\/a><\/u><\/strong><\/li>\n<\/ul>\n<ul style=\"text-align: justify;\">\n<li><strong><u><a href=\"http:\/\/w2.vatican.va\/content\/francesco\/pt\/encyclicals\/documents\/papa-francesco_20130629_enciclica-lumen-fidei.html\" target=\"_blank\" rel=\"noopener noreferrer\">Carta Enc\u00edclica Lumen fidei (29 de junho de 2013)<\/a><\/u><\/strong><\/li>\n<\/ul>\n<ul style=\"text-align: justify;\">\n<li><strong><u><a href=\"https:\/\/paroquiavilarandorinho.pt\/?p=14102\" target=\"_blank\" rel=\"noopener noreferrer\">Carta Enc\u00edclica DILEXIT NOS (24 de outubro de 2024)<\/a><\/u><\/strong><\/li>\n<\/ul>\n<p>&nbsp;<\/p>\n<h5 style=\"text-align: justify;\"><strong>Exorta\u00e7\u00f5es Apost\u00f3licas do Papa Francisco<\/strong><\/h5>\n<ul style=\"text-align: justify;\">\n<li><strong><u><a href=\"http:\/\/w2.vatican.va\/content\/francesco\/pt\/apost_exhortations\/documents\/papa-francesco_esortazione-ap_20200202_querida-amazonia.html\" target=\"_blank\" rel=\"noopener noreferrer\">\u201cQuerida Amazonia\u201d: Exorta\u00e7\u00e3o Apost\u00f3lica p\u00f3s-sinodal ao povo de Deus e a todas as pessoas de boa vontade (2 de fevereiro de 2020)<\/a><\/u><\/strong><\/li>\n<\/ul>\n<ul style=\"text-align: justify;\">\n<li><strong><u><a href=\"http:\/\/w2.vatican.va\/content\/francesco\/pt\/apost_exhortations\/documents\/papa-francesco_esortazione-ap_20190325_christus-vivit.html\" target=\"_blank\" rel=\"noopener noreferrer\">&#8220;Christus vivit&#8221;: Exorta\u00e7\u00e3o Apost\u00f3lica p\u00f3s-sinodal aos Jovens e a todo o Povo de Deus (25 de mar\u00e7o de 2019)<\/a><\/u><\/strong><\/li>\n<\/ul>\n<ul style=\"text-align: justify;\">\n<li><strong><u><a href=\"http:\/\/w2.vatican.va\/content\/francesco\/pt\/apost_exhortations\/documents\/papa-francesco_esortazione-ap_20180319_gaudete-et-exsultate.html\" target=\"_blank\" rel=\"noopener noreferrer\">Gaudete et exsultate: Exorta\u00e7\u00e3o Apost\u00f3lica sobre a chamada \u00e0 santidade no mundo atual (19 de mar\u00e7o de 2018)<\/a><\/u><\/strong><\/li>\n<\/ul>\n<ul style=\"text-align: justify;\">\n<li><strong><u><a href=\"http:\/\/w2.vatican.va\/content\/francesco\/pt\/apost_exhortations\/documents\/papa-francesco_esortazione-ap_20160319_amoris-laetitia.html\" target=\"_blank\" rel=\"noopener noreferrer\">Amoris laetitia: Exorta\u00e7\u00e3o Apost\u00f3lica P\u00f3s-Sinodal sobre o amor na fam\u00edlia (19 de mar\u00e7o de 2016)<\/a><\/u><\/strong><\/li>\n<\/ul>\n<ul style=\"text-align: justify;\">\n<li><strong><u><a href=\"http:\/\/w2.vatican.va\/content\/francesco\/pt\/apost_exhortations\/documents\/papa-francesco_esortazione-ap_20131124_evangelii-gaudium.html\" target=\"_blank\" rel=\"noopener noreferrer\">Evangelii Gaudium: Exorta\u00e7\u00e3o Apost\u00f3lica sobre o an\u00fancio do Evangelho no mundo atual (24 de novembro de 2013)<\/a><\/u><\/strong><\/li>\n<\/ul>\n<p style=\"text-align: justify;\"><strong>\u00a0<\/strong><\/p>\n<h5 style=\"text-align: justify;\"><strong>Mensagens do Papa Francisco \u2013 Ano 2020<\/strong><\/h5>\n<ul style=\"text-align: justify;\">\n<li><strong><u><a href=\"http:\/\/w2.vatican.va\/content\/francesco\/pt\/messages\/urbi\/documents\/papa-francesco_20200412_urbi-et-orbi-pasqua.html\" target=\"_blank\" rel=\"noopener noreferrer\">&#8220;Urbi et Orbi&#8221; &#8211; P\u00e1scoa 2020<\/a><\/u><\/strong><\/li>\n<\/ul>\n<ul style=\"text-align: justify;\">\n<li><strong><u><a href=\"http:\/\/w2.vatican.va\/content\/francesco\/pt\/messages\/urbi\/documents\/papa-francesco_20200327_urbi-et-orbi-epidemia.html\" target=\"_blank\" rel=\"noopener noreferrer\">&#8220;Urbi et Orbi&#8221; &#8211; Momento extraordin\u00e1rio de ora\u00e7\u00e3o presidido pelo Papa Francisco (27 de mar\u00e7o de 2020)<\/a><\/u><\/strong><\/li>\n<\/ul>\n<ul style=\"text-align: justify;\">\n<li><strong><u><a href=\"http:\/\/w2.vatican.va\/content\/francesco\/pt\/messages\/communications\/documents\/papa-francesco_20200124_messaggio-comunicazioni-sociali.html\" target=\"_blank\" rel=\"noopener noreferrer\">54\u00ba Dia Mundial das Comunica\u00e7\u00f5es Sociais, 2020 &#8211; \u00ab \u201cPara que possas contar e fixar na mem\u00f3ria\u201d (Ex 10, 2). A vida faz-se hist\u00f3ria\u00bb<\/a><\/u><\/strong><\/li>\n<\/ul>\n<ul style=\"text-align: justify;\">\n<li><strong><u><a href=\"http:\/\/w2.vatican.va\/content\/francesco\/pt\/messages\/sick\/documents\/papa-francesco_20200103_giornata-malato.html\" target=\"_blank\" rel=\"noopener noreferrer\">XXVIII Dia Mundial do Doente, 2020<\/a><\/u><\/strong><\/li>\n<\/ul>\n<ul style=\"text-align: justify;\">\n<li><strong><u><a href=\"http:\/\/w2.vatican.va\/content\/francesco\/pt\/messages\/youth\/documents\/papa-francesco_20200211_messaggio-giovani_2020.html\" target=\"_blank\" rel=\"noopener noreferrer\">XXXV Jornada Mundial da Juventude: \u00abJovem, Eu te digo, levanta-te! (cf. Lc 7, 14)\u00bb<\/a><\/u><\/strong><\/li>\n<\/ul>\n<ul style=\"text-align: justify;\">\n<li><strong><u><a href=\"http:\/\/w2.vatican.va\/content\/francesco\/pt\/messages\/migration\/documents\/papa-francesco_20200513_world-migrants-day-2020.html\" target=\"_blank\" rel=\"noopener noreferrer\">Mensagem para o 106\u00ba Dia Mundial do Migrante e do Refugiado 2020<\/a><\/u><\/strong><\/li>\n<\/ul>\n<ul style=\"text-align: justify;\">\n<li><strong><u><a href=\"http:\/\/w2.vatican.va\/content\/francesco\/pt\/messages\/missions\/documents\/papa-francesco_20200531_giornata-missionaria2020.html\" target=\"_blank\" rel=\"noopener noreferrer\">Mensagem para o Dia Mundial das Miss\u00f5es 2020<\/a><\/u><\/strong><\/li>\n<\/ul>\n<ul style=\"text-align: justify;\">\n<li><strong><u><a href=\"http:\/\/w2.vatican.va\/content\/francesco\/pt\/messages\/peace\/documents\/papa-francesco_20191208_messaggio-53giornatamondiale-pace2020.html\" target=\"_blank\" rel=\"noopener noreferrer\">53\u00ba Dia Mundial da Paz 2020 &#8211; A paz como caminho de esperan\u00e7a: di\u00e1logo, reconcilia\u00e7\u00e3o e convers\u00e3o ecol\u00f3gica<\/a><\/u><\/strong><\/li>\n<\/ul>\n<ul style=\"text-align: justify;\">\n<li><strong><u><a href=\"http:\/\/w2.vatican.va\/content\/francesco\/pt\/messages\/poveri\/documents\/papa-francesco_20200613_messaggio-iv-giornatamondiale-poveri-2020.html\" target=\"_blank\" rel=\"noopener noreferrer\">IV Dia Mundial dos Pobres, 2020: \u00abEstende a tua m\u00e3o ao pobre\u00bb (Sir 7, 32)<\/a><\/u><\/strong><\/li>\n<\/ul>\n<ul style=\"text-align: justify;\">\n<li><strong><u><a href=\"http:\/\/w2.vatican.va\/content\/francesco\/pt\/messages\/lent\/documents\/papa-francesco_20191007_messaggio-quaresima2020.html\" target=\"_blank\" rel=\"noopener noreferrer\">Quaresma 2020: \u00abEm nome de Cristo, suplicamo-vos: reconciliai-vos com Deus\u00bb\u00a0(2 Cor 5, 20)<\/a><\/u><\/strong><\/li>\n<\/ul>\n<ul style=\"text-align: justify;\">\n<li><strong><u><a href=\"http:\/\/w2.vatican.va\/content\/francesco\/pt\/messages\/consecrated_life\/documents\/papa-francesco_20200201_omelia-vitaconsacrata.html\" target=\"_blank\" rel=\"noopener noreferrer\">Santa Missa por ocasi\u00e3o do XXIV Dia Mundial da Vida Consagrada (1\u00ba de fevereiro de 2020)<\/a><\/u><\/strong><\/li>\n<\/ul>\n<ul style=\"text-align: justify;\">\n<li><strong><u><a href=\"http:\/\/w2.vatican.va\/content\/francesco\/pt\/messages\/vocations\/documents\/papa-francesco_20200308_57-messaggio-giornata-mondiale-vocazioni.html\" target=\"_blank\" rel=\"noopener noreferrer\">Mensagem para o 57\u00ba Dia Mundial de Ora\u00e7\u00e3o pelas Voca\u00e7\u00f5es, 2020<\/a><\/u><\/strong><\/li>\n<\/ul>\n<ul style=\"text-align: justify;\">\n<li><strong><u><a href=\"\/\/paroquiavilarandorinho.pt\/wp-content\/uploads\/2020\/09\/MENSAGEM-DE-SUA-SANTIDADE-Dia-Mundial-da-Criacao.pdf\" target=\"_blank\" rel=\"noopener noreferrer\">Mensagem para o Dia Mundial de Ora\u00e7\u00e3o pelo Cuidado da Cria\u00e7\u00e3o<\/a><\/u><\/strong><\/li>\n<\/ul>\n<ul style=\"text-align: justify;\">\n<li><strong><u><a href=\"https:\/\/paroquiavilarandorinho.pt\/wp-content\/uploads\/2020\/09\/MENSAGEM-DO-PAPA-FRANCISCO-Dia-Mundial-Migrante-e-Refugiado-27.09.2020.pdf\">Mensagem para o Dia Mundial do Migrante e do Refugiado<\/a><\/u><\/strong><\/li>\n<\/ul>\n<p>&nbsp;<\/p>\n<h5 style=\"text-align: justify;\"><strong>Mensagens do Papa Francisco \u2013 Ano 2023<\/strong><\/h5>\n<ul style=\"text-align: justify;\">\n<li><strong><u><a href=\"https:\/\/paroquiavilarandorinho.pt\/?p=12527\" target=\"_blank\" rel=\"noopener noreferrer\">Sauda\u00e7\u00e3o do Papa Francisco \u2013 Abertura S\u00ednodo 2021-2024 \u2013 04.10.2023<\/a><\/u><\/strong><\/li>\n<\/ul>\n<ul style=\"text-align: justify;\">\n<li><strong><u><a href=\"https:\/\/paroquiavilarandorinho.pt\/?p=11039\" target=\"_blank\" rel=\"noopener noreferrer\">50\u00ba anivers\u00e1rio Carta Apost\u00f3lica<\/a><\/u><\/strong><\/li>\n<\/ul>\n<ul style=\"text-align: justify;\">\n<li><strong><u><a href=\"https:\/\/paroquiavilarandorinho.pt\/?p=11048\" target=\"_blank\" rel=\"noopener noreferrer\">Mensagem Papa Francisco para as XXXVII JMJ 2023<\/a><\/u><\/strong><\/li>\n<\/ul>\n<ul style=\"text-align: justify;\">\n<li><strong><u><a href=\"https:\/\/paroquiavilarandorinho.pt\/?p=12581\" target=\"_blank\" rel=\"noopener noreferrer\">Mensagem do Papa Francisco por ocasi\u00e3o do evento ECONOMY OF FRANCESCO &#8211; Assis 6 a 8 outubro 2023<\/a><\/u><\/strong><\/li>\n<\/ul>\n<ul style=\"text-align: justify;\">\n<li><strong><u><a href=\"https:\/\/paroquiavilarandorinho.pt\/?p=12527\" target=\"_blank\" rel=\"noopener noreferrer\">Sauda\u00e7\u00e3o do Papa Francisco \u2013 Abertura S\u00ednodo 2021-2024 \u2013 04.10.2023<\/a><\/u><\/strong><\/li>\n<\/ul>\n<p>&nbsp;<\/p>\n<h5 style=\"text-align: justify;\"><strong>Mensagens do Papa Francisco \u2013 Ano 2024<\/strong><\/h5>\n<ul style=\"text-align: justify;\">\n<li><strong><u><a href=\"https:\/\/paroquiavilarandorinho.pt\/wp-content\/uploads\/2023\/12\/Mensagem-do-Papa-Francisco-para-o-57o-Dia-Mundial-da-Paz-01.01.2024-1.pdf\">Mensagem do Papa Francisco para o 57\u00ba Dia Mundial da Paz \u2013 01.01.2024<\/a><\/u><\/strong><\/li>\n<li><strong><u><a href=\"https:\/\/paroquiavilarandorinho.pt\/wp-content\/uploads\/2024\/01\/Discurso-do-Papa-Francisco-aos-membros-do-Corpo-Diplomatico-08.01.2024.pdf\">Discurso do Papa Francisco aos membros do Corpo Diplom\u00e1tico \u2013 08.01.2024<\/a><\/u><\/strong><\/li>\n<li><strong><u><a href=\"https:\/\/paroquiavilarandorinho.pt\/wp-content\/uploads\/2024\/01\/Homilia-do-Papa-Francisco-V-Dia-da-Palavra-de-Deus-III-DTC.pdf\">Homilia do Papa Francisco \u2013 V Dia da Palavra de Deus \u2013 III DTC<\/a><\/u><\/strong><\/li>\n<li><strong><u><a href=\"https:\/\/paroquiavilarandorinho.pt\/wp-content\/uploads\/2024\/02\/Mensagem-para-o-XXXII-Dia-Mundial-do-Doente-11.02.2024.pdf\">Mensagem para o XXXII Dia Mundial do Doente \u2013 11.02.2024<\/a><\/u><\/strong><\/li>\n<li><strong><u><a href=\"https:\/\/paroquiavilarandorinho.pt\/wp-content\/uploads\/2024\/02\/Mensagem-do-Papa-Francisco-para-a-Quaresma-de-2024.pdf\">Mensagem do Papa Francisco para a Quaresma de 2024<\/a><\/u><\/strong><\/li>\n<li><strong><u><a href=\"https:\/\/paroquiavilarandorinho.pt\/wp-content\/uploads\/2024\/04\/Mensagem-Papa-Francisco-para-o-LXI-Dia-Mundial-de-Oracao-pelas-Vocacoes-21.04.2024.pdf\">Mensagem Papa Francisco para o LXI Dia Mundial de Ora\u00e7\u00e3o pelas Voca\u00e7\u00f5es &#8211; 21.04.2024<\/a><\/u><\/strong><\/li>\n<li><strong><u><a href=\"https:\/\/paroquiavilarandorinho.pt\/wp-content\/uploads\/2024\/05\/Sinodo-2021-2024-Carta-do-Papa-Francisco-aos-parocos-de-todo-o-mundo-02-maio-2024.pdf\">Sinodo 2021-2024 \u2013 Carta do Papa Francisco aos p\u00e1rocos de todo o mundo \u2013 02 maio 2024<\/a><\/u><\/strong><\/li>\n<li><strong><u><a href=\"https:\/\/paroquiavilarandorinho.pt\/wp-content\/uploads\/2024\/05\/Mensagem-do-Papa-Francisco-para-o-LVIII-Dia-Mundial-das-Comunicacoes-Sociais-12.05.2024-Solenidade-da-Ascensao-do-Senhor.pdf\">Mensagem do Papa Francisco para o LVIII Dia Mundial das Comunica\u00e7\u00f5es Sociais \u2013 12.05.2024 \u2013 Solenidade da Ascens\u00e3o do Senhor<\/a><\/u><\/strong><\/li>\n<\/ul>\n<p>&nbsp;<\/p>\n<h5 style=\"text-align: justify;\"><strong>Mensagens do Papa Francisco \u2013 Ano 2025<\/strong><\/h5>\n<ul style=\"text-align: justify;\">\n<li><strong><u><a href=\"https:\/\/paroquiavilarandorinho.pt\/?p=14908\">Homilia do Papa Francisco lida pelo Cardeal Angelo Comastri \u2013 20.04.2025<\/a><\/u><\/strong><\/li>\n<\/ul>\n<p>&nbsp;<\/p>\n<h5 style=\"text-align: justify;\">Cartas Apost\u00f3licas<\/h5>\n<ul style=\"text-align: justify;\">\n<li><strong><u><a href=\"\/\/paroquiavilarandorinho.pt\/wp-content\/uploads\/2020\/10\/CARTA-APOSTOLICA-SCRIPTURAE-SACRAE-AFFECTUS-Papa-Francisco-30.09.2020.pdf\" target=\"_blank\" rel=\"noopener noreferrer\">CARTA APOST\u00d3LICA &#8211; SCRIPTURAE SACRAE AFFECTUS (30 de setembro de 2020)<\/a><\/u><\/strong><\/li>\n<\/ul>\n<p>[\/vc_column_text][\/vc_column_inner][\/vc_row_inner][\/vc_column][\/vc_row]<\/p>\n<\/div>","protected":false},"excerpt":{"rendered":"<p>[vc_row content_placement=&#8221;middle&#8221; css=&#8221;.vc_custom_1540304086626{padding-top: 0px !important;}&#8221;][vc_column css=&#8221;.vc_custom_1540304338338{padding-right: 27px !important;padding-left: 27px !important;}&#8221;][vc_single_image image=&#8221;6666&#8243; img_size=&#8221;full&#8221; alignment=&#8221;center&#8221;][vc_row_inner css=&#8221;.vc_custom_1543577196674{margin-bottom: 47px !important;}&#8221;][vc_column_inner][vc_column_text css=&#8221;&#8221;] Catequeses do Papa Francisco Documentos do Papa Francisco sobre a Catequese &nbsp; Enc\u00edclicas [&hellip;]<\/p>\n","protected":false},"author":1,"featured_media":0,"parent":0,"menu_order":0,"comment_status":"closed","ping_status":"closed","template":"","meta":{"_acf_changed":false,"rs_blank_template":"","rs_page_bg_color":"","slide_template_v7":"","footnotes":""},"class_list":["post-6664","page","type-page","status-publish","hentry"],"acf":[],"_links":{"self":[{"href":"https:\/\/paroquiavilarandorinho.pt\/index.php?rest_route=\/wp\/v2\/pages\/6664","targetHints":{"allow":["GET"]}}],"collection":[{"href":"https:\/\/paroquiavilarandorinho.pt\/index.php?rest_route=\/wp\/v2\/pages"}],"about":[{"href":"https:\/\/paroquiavilarandorinho.pt\/index.php?rest_route=\/wp\/v2\/types\/page"}],"author":[{"embeddable":true,"href":"https:\/\/paroquiavilarandorinho.pt\/index.php?rest_route=\/wp\/v2\/users\/1"}],"replies":[{"embeddable":true,"href":"https:\/\/paroquiavilarandorinho.pt\/index.php?rest_route=%2Fwp%2Fv2%2Fcomments&post=6664"}],"version-history":[{"count":30,"href":"https:\/\/paroquiavilarandorinho.pt\/index.php?rest_route=\/wp\/v2\/pages\/6664\/revisions"}],"predecessor-version":[{"id":15789,"href":"https:\/\/paroquiavilarandorinho.pt\/index.php?rest_route=\/wp\/v2\/pages\/6664\/revisions\/15789"}],"wp:attachment":[{"href":"https:\/\/paroquiavilarandorinho.pt\/index.php?rest_route=%2Fwp%2Fv2%2Fmedia&parent=6664"}],"curies":[{"name":"wp","href":"https:\/\/api.w.org\/{rel}","templated":true}]}}