{"id":6943,"date":"2020-07-15T16:00:18","date_gmt":"2020-07-15T16:00:18","guid":{"rendered":"https:\/\/paroquiavilarandorinho.pt\/?page_id=6943"},"modified":"2024-09-24T11:02:05","modified_gmt":"2024-09-24T10:02:05","slug":"irmazinhas-da-assuncao","status":"publish","type":"page","link":"https:\/\/paroquiavilarandorinho.pt\/?page_id=6943","title":{"rendered":"Irm\u00e3zinhas da Assun\u00e7\u00e3o"},"content":{"rendered":"<div class=\"wpb-content-wrapper\"><p>[vc_row content_placement=&#8221;middle&#8221; css=&#8221;.vc_custom_1594829174088{padding-top: 0px !important;padding-bottom: 50px !important;}&#8221;][vc_column css=&#8221;.vc_custom_1540304338338{padding-right: 27px !important;padding-left: 27px !important;}&#8221;][vc_row_inner][vc_column_inner][vc_column_text]<\/p>\n<h5 style=\"text-align: justify;\"><strong>Os Fundadores<\/strong><\/h5>\n<p style=\"text-align: justify;\"><strong>\u00c9tienne Pernet<\/strong> nasceu em 1836, numa aldeia do nordeste de Fran\u00e7a, filho de Claude-Louis, ferrador, e Madeleine Cordelet. Foi educado pelo P\u00e1roco da aldeia, padre Guillaume, que mais tarde o encaminhou para o Semin\u00e1rio.<\/p>\n<p style=\"text-align: justify;\">Ordenado sacerdote na Congrega\u00e7\u00e3o dos Agostinhos da Assun\u00e7\u00e3o, em 1858, \u00c9tiene foi professor num col\u00e9gio e ocupava-se tamb\u00e9m de um patronato de crian\u00e7as oriundas dos meios mais desfavorecidos.<\/p>\n<p style=\"text-align: justify;\"><strong>Antoinnete Fage <\/strong>nasceu em Paris em 7 de novembro de 1824. Filha de um soldado e de uma costureira, foi criada pela sua av\u00f3, madame Mutinot, assassinada em julho de 1830, quando voltava do mercado. Antoniette ficou aos cuidados de amigos dos seus av\u00f3s.<\/p>\n<p style=\"text-align: justify;\">Por volta de 1850, ela come\u00e7ou a trabalhar em uma oficina de costura para se sustentar e ingressou na Sodalidade de Nossa Senhora do Bom Conselho, cujos membros visitavam os pobres para distribuir alimentos.<\/p>\n<p style=\"text-align: justify;\">Ela tamb\u00e9m se envolveu nas atividades de caridade da Arquiconfraria de Notre-Dame-des-Victoires tendo sido convidada para dirigir um orfanato para meninas.<\/p>\n<h5 style=\"text-align: justify;\"><strong><br \/>\nUma inquieta\u00e7\u00e3o<\/strong><\/h5>\n<p style=\"text-align: justify;\">O padre<strong> \u00c9tienne Pernet<\/strong> sofria com a desintegra\u00e7\u00e3o das fam\u00edlias prolet\u00e1rias de meados do s\u00e9culo XIX e fazia tudo para as ajudar.<\/p>\n<p style=\"text-align: justify;\">Nessa \u00e9poca, marcada pelo in\u00edcio da industrializa\u00e7\u00e3o, o \u00eaxodo rural fazia aumentar a popula\u00e7\u00e3o oper\u00e1ria nas cidades, com os consequentes problemas sociais de aglomera\u00e7\u00e3o de uma classe pobre, desenraizada e discriminada. Ao visitar as fam\u00edlias, apercebe-se da situa\u00e7\u00e3o dram\u00e1tica em que vivem, sobretudo quando adoecia a m\u00e3e. Com o pai ausente na f\u00e1brica, muitos lares estavam destru\u00eddos, sem condi\u00e7\u00f5es humanas e sem qualquer apoio social, postos \u00e0 margem da sociedade e da Igreja, considerada naquela \u00e9poca muito ligada ao poder.<\/p>\n<p style=\"text-align: justify;\">Esta desagrega\u00e7\u00e3o familiar e o afastamento da Igreja interpela-o fortemente e faz com que a sua principal inquieta\u00e7\u00e3o passe a ser encontrar uma forma de \u201creconstruir a fam\u00edlia\u201d. Sabe que o mal do mundo trabalhador, n\u00e3o \u00e9 s\u00f3 o problema da mis\u00e9ria, da depend\u00eancia, da incerteza, da sujei\u00e7\u00e3o \u00e0 t\u00e9cnica e ao dinheiro, mas um drama espiritual: a perda de sentido da sua grandeza de filhos de Deus. Diria ele: \u201cPara reconstruir a fam\u00edlia, era preciso entrar nos seus lares e ser a\u00ed um sinal vivo da Igreja, revelar o amor de Deus atrav\u00e9s de um servi\u00e7o simples e concreto, elevando esta classe \u00e0 sua dignidade ajudando-a a tomar o seu lugar na sociedade e na Igreja para \u00abrefazer um povo para Deus\u00bb\u201d.<\/p>\n<h5 style=\"text-align: justify;\"><strong><br \/>\nA resposta numa congrega\u00e7\u00e3o<\/strong><\/h5>\n<p style=\"text-align: justify;\">Este era um trabalho que exigia um \u201cex\u00e9rcito\u201d de mulheres consagradas, totalmente dedicadas a ir a esses lares cuidar das fam\u00edlias, sobretudo quando faltava a figura da m\u00e3e, e mostrar-lhes que a Igreja estava presente como testemunha do amor de Deus.<\/p>\n<p style=\"text-align: justify;\">A oper\u00e1ria <strong>Antoinnete Fage,<\/strong> nascida numa dessas fam\u00edlias pobres, foi a resposta ao seu sonho de fundar uma congrega\u00e7\u00e3o que a isso se dedicasse inteiramente.<\/p>\n<p style=\"text-align: justify;\">Tamb\u00e9m ela tinha a mesma preocupa\u00e7\u00e3o e dedicava-se afincadamente a acompanhar e ajudar os mais pobres da sua classe. Apesar da fraca instru\u00e7\u00e3o religiosa da inf\u00e2ncia, sempre alimentou a f\u00e9 em Deus e foi-se aproximando da Igreja, ao ponto de vir a dirigir um orfanato feminino da Ordem Terceira Dominicana. Mas a sua miss\u00e3o s\u00f3 encontrou verdadeiro sentido quando conheceu o projecto do padre \u00c9tienne.<\/p>\n<p style=\"text-align: justify;\">Tocados pelo sofrimento humano e habitados pela for\u00e7a do Evangelho, juntos intu\u00edram uma resposta: \u201cProcurar a gl\u00f3ria de Deus, pela salva\u00e7\u00e3o dos pobres e dos pequenos pelo caminho da Encarna\u00e7\u00e3o que seguiu Jesus, o Servo enviado do Pai\u201d. E isto atrav\u00e9s de meios simples de servi\u00e7o, estando presentes nas fam\u00edlias nos momentos de dificuldade, da doen\u00e7a e da tristeza.<\/p>\n<p style=\"text-align: justify;\">Com um pequeno grupo de jovens enfermeiras, formam a primeira comunidade que, em 1865, se consolida como\u00a0<a href=\"\/\/www.assomption-psa.org\/\" target=\"_blank\" rel=\"noopener noreferrer\">Congrega\u00e7\u00e3o das Irm\u00e3zinhas da Assun\u00e7\u00e3o<\/a>.<\/p>\n<p style=\"text-align: justify;\">Reconhecida pelo direito pontif\u00edcio em 1896, a Congrega\u00e7\u00e3o tem como lema \u201cQue vossos actos falem Jesus Cristo\u201d e como carisma \u201cser presen\u00e7a e an\u00fancio do Amor de Deus junto das fam\u00edlias mais desfavorecidas\u201d.<\/p>\n<h5 style=\"text-align: justify;\"><strong><br \/>\nPelo mundo<\/strong><\/h5>\n<p style=\"text-align: justify;\">O dinamismo mission\u00e1rio da Congrega\u00e7\u00e3o espalhou-se rapidamente por todos os continentes, como resposta aos apelos da Igreja, tornando vivo o carisma espec\u00edfico de viver e anunciar o Evangelho do amor e ternura de Deus aos mais carenciados da sociedade.<\/p>\n<p style=\"text-align: justify;\">Assim chegaram tamb\u00e9m a Portugal, em 1949, e \u00e0 nossa Par\u00f3quia, em 2004, com uma comunidade de quatro irm\u00e3s que se fixaram na Urbaniza\u00e7\u00e3o de Vila d\u00b4Este.<\/p>\n<p style=\"text-align: justify;\">Neste momento, a comunidade conta com tr\u00eas irm\u00e3s: Maria Lu\u00edsa, Nat\u00e1lia e Maria Adelaide.<\/p>\n<p>[\/vc_column_text][\/vc_column_inner][\/vc_row_inner][vc_row_inner css=&#8221;.vc_custom_1594893867641{margin-bottom: 35px !important;}&#8221;][vc_column_inner][vc_single_image image=&#8221;6945&#8243; img_size=&#8221;full&#8221;][\/vc_column_inner][\/vc_row_inner][vc_row_inner][vc_column_inner][vc_column_text]<strong>Irm\u00e3zinhas da Assun\u00e7\u00e3o \u2013 Entrevista \u00e0 Irm\u00e3 Maria Lu\u00edsa<\/strong><\/p>\n<p><a href=\"https:\/\/www.youtube.com\/watch?v=BFb55cvHGPw\" target=\"_blank\" rel=\"noopener noreferrer\">https:\/\/www.youtube.com\/watch?v=BFb55cvHGPw<\/a>[\/vc_column_text][\/vc_column_inner][\/vc_row_inner][vc_row_inner][vc_column_inner][vc_single_image image=&#8221;6992&#8243; img_size=&#8221;full&#8221;][\/vc_column_inner][\/vc_row_inner][\/vc_column][\/vc_row][vc_row][vc_column][vc_btn title=&#8221;O Bicenten\u00e1rio da Funda\u00e7\u00e3o \u201cAs Irm\u00e3zinhas da Assun\u00e7\u00e3o\u201d&#8221; color=&#8221;primary&#8221; css=&#8221;&#8221; link=&#8221;url:https%3A%2F%2Fparoquiavilarandorinho.pt%2F2024%2F09%2F24%2F200-anos-do-nascimento-dos-fundadores%2F&#8221;][\/vc_column][\/vc_row]<\/p>\n<\/div>","protected":false},"excerpt":{"rendered":"<p>[vc_row content_placement=&#8221;middle&#8221; css=&#8221;.vc_custom_1594829174088{padding-top: 0px !important;padding-bottom: 50px !important;}&#8221;][vc_column css=&#8221;.vc_custom_1540304338338{padding-right: 27px !important;padding-left: 27px !important;}&#8221;][vc_row_inner][vc_column_inner][vc_column_text] Os Fundadores \u00c9tienne Pernet nasceu em 1836, numa aldeia do nordeste de Fran\u00e7a, filho de Claude-Louis, ferrador, e [&hellip;]<\/p>\n","protected":false},"author":2,"featured_media":0,"parent":0,"menu_order":0,"comment_status":"closed","ping_status":"closed","template":"","meta":{"_acf_changed":false,"rs_blank_template":"","rs_page_bg_color":"","slide_template_v7":"","footnotes":""},"class_list":["post-6943","page","type-page","status-publish","hentry"],"acf":[],"_links":{"self":[{"href":"https:\/\/paroquiavilarandorinho.pt\/index.php?rest_route=\/wp\/v2\/pages\/6943","targetHints":{"allow":["GET"]}}],"collection":[{"href":"https:\/\/paroquiavilarandorinho.pt\/index.php?rest_route=\/wp\/v2\/pages"}],"about":[{"href":"https:\/\/paroquiavilarandorinho.pt\/index.php?rest_route=\/wp\/v2\/types\/page"}],"author":[{"embeddable":true,"href":"https:\/\/paroquiavilarandorinho.pt\/index.php?rest_route=\/wp\/v2\/users\/2"}],"replies":[{"embeddable":true,"href":"https:\/\/paroquiavilarandorinho.pt\/index.php?rest_route=%2Fwp%2Fv2%2Fcomments&post=6943"}],"version-history":[{"count":14,"href":"https:\/\/paroquiavilarandorinho.pt\/index.php?rest_route=\/wp\/v2\/pages\/6943\/revisions"}],"predecessor-version":[{"id":13963,"href":"https:\/\/paroquiavilarandorinho.pt\/index.php?rest_route=\/wp\/v2\/pages\/6943\/revisions\/13963"}],"wp:attachment":[{"href":"https:\/\/paroquiavilarandorinho.pt\/index.php?rest_route=%2Fwp%2Fv2%2Fmedia&parent=6943"}],"curies":[{"name":"wp","href":"https:\/\/api.w.org\/{rel}","templated":true}]}}