{"id":7004,"date":"2020-07-16T13:27:46","date_gmt":"2020-07-16T13:27:46","guid":{"rendered":"https:\/\/paroquiavilarandorinho.pt\/?page_id=7004"},"modified":"2020-07-30T11:07:24","modified_gmt":"2020-07-30T10:07:24","slug":"mensagem-de-boas-vindas","status":"publish","type":"page","link":"https:\/\/paroquiavilarandorinho.pt\/?page_id=7004","title":{"rendered":"Mensagem de boas-vindas"},"content":{"rendered":"<div class=\"wpb-content-wrapper\"><p>[vc_row content_placement=&#8221;middle&#8221; css=&#8221;.vc_custom_1594829174088{padding-top: 0px !important;padding-bottom: 50px !important;}&#8221;][vc_column css=&#8221;.vc_custom_1540304338338{padding-right: 27px !important;padding-left: 27px !important;}&#8221;][vc_row_inner][vc_column_inner][vc_column_text]<\/p>\n<p style=\"text-align: justify;\">\u00c9 com um sorriso que lhe damos as boas-vindas a esta p\u00e1gina da Par\u00f3quia do Divino Salvador de Vilar de Andorinho.<br \/>\nNesta p\u00e1gina ao alcance de todos com um simples clik, uma nova apesenta\u00e7\u00e3o: Mais din\u00e2mica, apelativa e completa. Os mesmos espa\u00e7os formativos e informativos, de n\u00edvel paroquial, diocesano ou global.<br \/>\nAtrav\u00e9s dela queremos dar a conhecer a nossa identidade, a nossa finalidade e a miss\u00e3o que desenvolvemos, segundo o mandato de Jesus Cristo:<br \/>\n<em>&#8220;Ide, pois, e ensinai a todas as na\u00e7\u00f5es; batizai-as em nome do Pai, do Filho e do Esp\u00edrito Santo. Ensinai-as a observar tudo o que vos prescrevi. Eis que estou convosco todos os dias, at\u00e9 o fim do mundo.\u201d (Mt. 28, 19-20)<br \/>\n<\/em>A Igreja deve deitar m\u00e3o de todos os meios ao seu alcance para cumprir esta miss\u00e3o.<br \/>\nEste \u00e9 um meio eficaz que torna mais longo e largo o horizonte da inter-rela\u00e7\u00e3o, da partilha de ideias e experi\u00eancias, de sentimentos e saberes, de colabora\u00e7\u00e3o a todos os n\u00edveis.<br \/>\nAtrav\u00e9s dele, estaremos mais perto de todos, sobretudo dos nossos conterr\u00e2neos imigrantes e emigrantes.<br \/>\nO\u00a0objetivo final ser\u00e1 o mesmo de sempre: a viv\u00eancia duma f\u00e9 esclarecida, contribuindo para um maior sentido de comunidade.<\/p>\n<p style=\"text-align: justify;\">Forte abra\u00e7o.<br \/>\nPadre Albino Reis<\/p>\n<p>[\/vc_column_text][\/vc_column_inner][\/vc_row_inner][\/vc_column][\/vc_row]<\/p>\n<\/div>","protected":false},"excerpt":{"rendered":"<p>[vc_row content_placement=&#8221;middle&#8221; css=&#8221;.vc_custom_1594829174088{padding-top: 0px !important;padding-bottom: 50px !important;}&#8221;][vc_column css=&#8221;.vc_custom_1540304338338{padding-right: 27px !important;padding-left: 27px !important;}&#8221;][vc_row_inner][vc_column_inner][vc_column_text] \u00c9 com um sorriso que lhe damos as boas-vindas a esta p\u00e1gina da Par\u00f3quia do Divino Salvador de [&hellip;]<\/p>\n","protected":false},"author":1,"featured_media":0,"parent":0,"menu_order":0,"comment_status":"closed","ping_status":"closed","template":"","meta":{"_acf_changed":false,"rs_blank_template":"","rs_page_bg_color":"#ffffff","slide_template_v7":"","footnotes":""},"class_list":["post-7004","page","type-page","status-publish","hentry"],"acf":[],"_links":{"self":[{"href":"https:\/\/paroquiavilarandorinho.pt\/index.php?rest_route=\/wp\/v2\/pages\/7004","targetHints":{"allow":["GET"]}}],"collection":[{"href":"https:\/\/paroquiavilarandorinho.pt\/index.php?rest_route=\/wp\/v2\/pages"}],"about":[{"href":"https:\/\/paroquiavilarandorinho.pt\/index.php?rest_route=\/wp\/v2\/types\/page"}],"author":[{"embeddable":true,"href":"https:\/\/paroquiavilarandorinho.pt\/index.php?rest_route=\/wp\/v2\/users\/1"}],"replies":[{"embeddable":true,"href":"https:\/\/paroquiavilarandorinho.pt\/index.php?rest_route=%2Fwp%2Fv2%2Fcomments&post=7004"}],"version-history":[{"count":8,"href":"https:\/\/paroquiavilarandorinho.pt\/index.php?rest_route=\/wp\/v2\/pages\/7004\/revisions"}],"predecessor-version":[{"id":7006,"href":"https:\/\/paroquiavilarandorinho.pt\/index.php?rest_route=\/wp\/v2\/pages\/7004\/revisions\/7006"}],"wp:attachment":[{"href":"https:\/\/paroquiavilarandorinho.pt\/index.php?rest_route=%2Fwp%2Fv2%2Fmedia&parent=7004"}],"curies":[{"name":"wp","href":"https:\/\/api.w.org\/{rel}","templated":true}]}}