{"id":7126,"date":"2020-07-20T10:10:48","date_gmt":"2020-07-20T09:10:48","guid":{"rendered":"https:\/\/paroquiavilarandorinho.pt\/?page_id=7126"},"modified":"2021-06-01T18:36:04","modified_gmt":"2021-06-01T17:36:04","slug":"documentacao-batismo","status":"publish","type":"page","link":"https:\/\/paroquiavilarandorinho.pt\/?page_id=7126","title":{"rendered":"Documenta\u00e7\u00e3o"},"content":{"rendered":"<div class=\"wpb-content-wrapper\"><p>[vc_row content_placement=&#8221;middle&#8221; css=&#8221;.vc_custom_1540304086626{padding-top: 0px !important;}&#8221;][vc_column css=&#8221;.vc_custom_1540304338338{padding-right: 27px !important;padding-left: 27px !important;}&#8221;][vc_row_inner css=&#8221;.vc_custom_1543577196674{margin-bottom: 47px !important;}&#8221;][vc_column_inner][vc_column_text]<\/p>\n<p style=\"text-align: justify;\"><strong>Documentos<\/strong><\/p>\n<p style=\"text-align: justify;\">Para marcar o batizado do seu filho (a), desde que n\u00e3o esteja em idade de frequentar a catequese, s\u00e3o necess\u00e1rios os seguintes documentos:<\/p>\n<ul style=\"text-align: justify;\">\n<li>fotoc\u00f3pia do\u00a0<strong>Assento de Nascimento <\/strong>da Crian\u00e7a;<\/li>\n<li>fotoc\u00f3pia do\u00a0<strong>Cart\u00e3o de Cidad\u00e3o dos Pais<\/strong><\/li>\n<li>fotoc\u00f3pia do\u00a0<strong>Cart\u00e3o de Cidad\u00e3o dos Padrinhos <\/strong>e\u00a0<strong>morada<\/strong>\u00a0completa;<\/li>\n<li><strong>Declara\u00e7\u00e3o de Idoneidade <\/strong>dos Padrinhos (passada pelo p\u00e1roco da resid\u00eancia dos padrinhos)<\/li>\n<\/ul>\n<p style=\"text-align: justify;\">Quando o Batismo n\u00e3o \u00e9 celebrado na par\u00f3quia de resid\u00eancia dos pais, \u00e9 necess\u00e1rio obter uma Provis\u00e3o na Secretaria Diocesana (Pa\u00e7o Episcopal)<\/p>\n<p style=\"text-align: justify;\">Todos estes documentos t\u00eam de ser entregues, com\u00a0<strong>pelo menos um m\u00eas de anteced\u00eancia<\/strong>\u00a0em rela\u00e7\u00e3o \u00e0 data do Batismo.<\/p>\n<p style=\"text-align: justify;\">Haver\u00e1 uma reuni\u00e3o obrigat\u00f3ria em que pais e padrinhos ter\u00e3o de participar.<\/p>\n<p style=\"text-align: justify;\">S\u00f3 pode ser\u00a0<strong>padrinho ou madrinha<\/strong>\u00a0quem:<\/p>\n<ul style=\"text-align: justify;\">\n<li>tiver completado dezasseis anos de idade;<\/li>\n<li>tenha a 1\u00aa comunh\u00e3o (ou Festa da Eucaristia);<\/li>\n<li>d\u00ea provas de levar uma vida de acordo com a f\u00e9 e com as normas da Igreja.<\/li>\n<\/ul>\n<p style=\"text-align: justify;\">Por exemplo: n\u00e3o seja divorciado, via em uni\u00e3o de fato ou esteja casado apenas pelo civil ou tenha negado a f\u00e9.<\/p>\n<p style=\"text-align: justify;\"><strong>Fun\u00e7\u00f5es dos Padrinhos<\/strong><\/p>\n<p style=\"text-align: justify;\">Colaborar com os pais para ajudar a crian\u00e7a a preparar-se para, a seu tempo, ela pr\u00f3pria professar tamb\u00e9m a f\u00e9 e exprimi-la na vida.<\/p>\n<p style=\"text-align: justify;\">\u00abD\u00ea-se, quando poss\u00edvel, ao batizando um padrinho, cuja miss\u00e3o \u00e9 assistir na inicia\u00e7\u00e3o crist\u00e3 ao adulto batizando, e, conjuntamente com os pais, apresentar ao Batismo a crian\u00e7a a batizar e esfor\u00e7ar-se por que o batizado viva uma vida crist\u00e3 consent\u00e2nea com o Batismo e cumpra fielmente as obriga\u00e7\u00f5es que lhe s\u00e3o inerentes\u00bb (C\u00e2n. 872).<\/p>\n<p><strong>ANEXO:<br \/>\n<\/strong><a href=\"https:\/\/paroquiavilarandorinho.pt\/wp-content\/uploads\/2021\/06\/Declaracao-de-Idoneidade.pdf\">Declara\u00e7\u00e3o de Idoneidade<\/a>[\/vc_column_text][\/vc_column_inner][\/vc_row_inner][\/vc_column][\/vc_row]<\/p>\n<\/div>","protected":false},"excerpt":{"rendered":"<p>[vc_row content_placement=&#8221;middle&#8221; css=&#8221;.vc_custom_1540304086626{padding-top: 0px !important;}&#8221;][vc_column css=&#8221;.vc_custom_1540304338338{padding-right: 27px !important;padding-left: 27px !important;}&#8221;][vc_row_inner css=&#8221;.vc_custom_1543577196674{margin-bottom: 47px !important;}&#8221;][vc_column_inner][vc_column_text] Documentos Para marcar o batizado do seu filho (a), desde que n\u00e3o esteja em idade de frequentar [&hellip;]<\/p>\n","protected":false},"author":1,"featured_media":0,"parent":0,"menu_order":0,"comment_status":"closed","ping_status":"closed","template":"","meta":{"_acf_changed":false,"rs_blank_template":"","rs_page_bg_color":"#ffffff","slide_template_v7":"","footnotes":""},"class_list":["post-7126","page","type-page","status-publish","hentry"],"acf":[],"_links":{"self":[{"href":"https:\/\/paroquiavilarandorinho.pt\/index.php?rest_route=\/wp\/v2\/pages\/7126","targetHints":{"allow":["GET"]}}],"collection":[{"href":"https:\/\/paroquiavilarandorinho.pt\/index.php?rest_route=\/wp\/v2\/pages"}],"about":[{"href":"https:\/\/paroquiavilarandorinho.pt\/index.php?rest_route=\/wp\/v2\/types\/page"}],"author":[{"embeddable":true,"href":"https:\/\/paroquiavilarandorinho.pt\/index.php?rest_route=\/wp\/v2\/users\/1"}],"replies":[{"embeddable":true,"href":"https:\/\/paroquiavilarandorinho.pt\/index.php?rest_route=%2Fwp%2Fv2%2Fcomments&post=7126"}],"version-history":[{"count":4,"href":"https:\/\/paroquiavilarandorinho.pt\/index.php?rest_route=\/wp\/v2\/pages\/7126\/revisions"}],"predecessor-version":[{"id":9171,"href":"https:\/\/paroquiavilarandorinho.pt\/index.php?rest_route=\/wp\/v2\/pages\/7126\/revisions\/9171"}],"wp:attachment":[{"href":"https:\/\/paroquiavilarandorinho.pt\/index.php?rest_route=%2Fwp%2Fv2%2Fmedia&parent=7126"}],"curies":[{"name":"wp","href":"https:\/\/api.w.org\/{rel}","templated":true}]}}