{"id":7130,"date":"2020-07-20T10:14:41","date_gmt":"2020-07-20T09:14:41","guid":{"rendered":"https:\/\/paroquiavilarandorinho.pt\/?page_id=7130"},"modified":"2020-07-20T10:25:14","modified_gmt":"2020-07-20T09:25:14","slug":"apresentacao-pastoral-batismo","status":"publish","type":"page","link":"https:\/\/paroquiavilarandorinho.pt\/?page_id=7130","title":{"rendered":"Apresenta\u00e7\u00e3o"},"content":{"rendered":"<div class=\"wpb-content-wrapper\"><p>[vc_row content_placement=&#8221;middle&#8221; css=&#8221;.vc_custom_1540304086626{padding-top: 0px !important;}&#8221;][vc_column css=&#8221;.vc_custom_1540304338338{padding-right: 27px !important;padding-left: 27px !important;}&#8221;][vc_row_inner css=&#8221;.vc_custom_1543577196674{margin-bottom: 47px !important;}&#8221;][vc_column_inner][vc_column_text]<\/p>\n<h4>Pastoral do Batismo<\/h4>\n<p style=\"text-align: justify;\">Esta \u00e9 uma das atividades da par\u00f3quia que foi entregue a leigos e tem por objetivo: acolher, preparar e concretizar o sacramento do Batismo.<\/p>\n<p style=\"text-align: justify;\">A equipa inicial era constitu\u00edda por dois casais que se encontravam comprometidos e dispon\u00edveis para abra\u00e7ar este este servi\u00e7o e colaborar com o p\u00e1roco. Considerada insuficiente, foi acrescentado mais um casal bem como a participa\u00e7\u00e3o e colabora\u00e7\u00e3o ass\u00eddua da Irm\u00e3 Nat\u00e1lia, consagrada e que pertence \u00e0s Irm\u00e3zinhas da Assun\u00e7\u00e3o que residem, em comunidade, na nossa par\u00f3quia.<\/p>\n<p style=\"text-align: justify;\">Pelo objetivo n\u00famero um, <strong>acolher<\/strong>, pretende-se, num primeiro momento, conhecer um pouco sobre aqueles que pedem o Batismo, tanto pais como padrinhos e se estes obedecem \u00e0s condi\u00e7\u00f5es can\u00f3nicas emanadas pela Confer\u00eancia Episcopal e \u00e0s particulares emanadas pelo bispo titular da diocese. Este momento \u00e9 muito importante e delicado, pois permite, num contacto inicial, avaliar os objetivos para pedir o Batismo. Este n\u00e3o \u00e9 um momento f\u00e1cil, visto que implica um abrir do cora\u00e7\u00e3o, romper amarras e provoca, por vezes, alguma tens\u00e3o, at\u00e9 se perceber o que realmente se pretende que n\u00e3o \u00e9 um intrometer-se na vida privada da fam\u00edlia e dos candidatos a padrinhos.<\/p>\n<p style=\"text-align: justify;\">No segundo objetivo, <strong>preparar<\/strong>, acontece a reuni\u00e3o obrigat\u00f3ria com a presen\u00e7a dos pais e padrinhos. N\u00e3o \u00e9 uma palestra, nem um serm\u00e3o, \u00e9 um momento privilegiado para se perceber como, quando e onde aconteceu o Primeiro Batismo. \u00c9 o momento de perceber que este sacramento \u00e9 mais do que uma apresenta\u00e7\u00e3o, \u00e9 mais do que uma b\u00ean\u00e7\u00e3o, \u00e9 mais do que um evento social. Este \u00e9 o sacramento do Novo Nascimento, \u00e9 o sacramento que franqueia a porta de entrada nesta Igreja de Cristo. Ele \u00e9 a cabe\u00e7a, n\u00f3s somos o corpo. \u00c9 a entrada nesta Igreja desejada pelo Pai, aberta pelo Filho e soprada pelo Esp\u00edrito do Amor que n\u00e3o cessa de nos agitar. \u00c9 o momento de perceber que \u00e9 o primeiro, \u00e9 o que abre\/inicia, mas\u2026 continua na fam\u00edlia, na catequese e na frequ\u00eancia de todos os outros.<\/p>\n<p style=\"text-align: justify;\">O terceiro objetivo, <strong>concretizar<\/strong>, \u00e9 presidido pelo sacerdote ou pelo di\u00e1cono e acontece o Batismo propriamente dito. Aqui percebe-se todo o rito, visto que este foi previamente preparado no segundo momento: a luz, a veste branca, os \u00f3leos, a \u00e1gua, o sinal da cruz.<\/p>\n<p style=\"text-align: justify;\">Este momento \u00e9 o da festa do novo nascimento, \u00e9 o momento da \u201cmorte do homem velho\u201d e pecador e do surgir do \u201chomem novo\u201d, revestido de Cristo, pelo Esp\u00edrito Santo. \u00c9 a festa do nascer de novo, tal como Jesus tinha dito a Nicodemos quando este o questionou j\u00e1 tarde, de noite, para n\u00e3o ser visto\u2026<\/p>\n<p style=\"text-align: justify;\">O Batismo \u00e9 o sacramento da vida nova, da vida que nos acolhe, integra e nos permite fazer e tomar parte neste corpo que \u00e9 a Igreja.<\/p>\n<p>[\/vc_column_text][\/vc_column_inner][\/vc_row_inner][\/vc_column][\/vc_row]<\/p>\n<\/div>","protected":false},"excerpt":{"rendered":"<p>[vc_row content_placement=&#8221;middle&#8221; css=&#8221;.vc_custom_1540304086626{padding-top: 0px !important;}&#8221;][vc_column css=&#8221;.vc_custom_1540304338338{padding-right: 27px !important;padding-left: 27px !important;}&#8221;][vc_row_inner css=&#8221;.vc_custom_1543577196674{margin-bottom: 47px !important;}&#8221;][vc_column_inner][vc_column_text] Pastoral do Batismo Esta \u00e9 uma das atividades da par\u00f3quia que foi entregue a leigos e tem [&hellip;]<\/p>\n","protected":false},"author":1,"featured_media":0,"parent":0,"menu_order":0,"comment_status":"closed","ping_status":"closed","template":"","meta":{"_acf_changed":false,"rs_blank_template":"","rs_page_bg_color":"#ffffff","slide_template_v7":"","footnotes":""},"class_list":["post-7130","page","type-page","status-publish","hentry"],"acf":[],"_links":{"self":[{"href":"https:\/\/paroquiavilarandorinho.pt\/index.php?rest_route=\/wp\/v2\/pages\/7130","targetHints":{"allow":["GET"]}}],"collection":[{"href":"https:\/\/paroquiavilarandorinho.pt\/index.php?rest_route=\/wp\/v2\/pages"}],"about":[{"href":"https:\/\/paroquiavilarandorinho.pt\/index.php?rest_route=\/wp\/v2\/types\/page"}],"author":[{"embeddable":true,"href":"https:\/\/paroquiavilarandorinho.pt\/index.php?rest_route=\/wp\/v2\/users\/1"}],"replies":[{"embeddable":true,"href":"https:\/\/paroquiavilarandorinho.pt\/index.php?rest_route=%2Fwp%2Fv2%2Fcomments&post=7130"}],"version-history":[{"count":6,"href":"https:\/\/paroquiavilarandorinho.pt\/index.php?rest_route=\/wp\/v2\/pages\/7130\/revisions"}],"predecessor-version":[{"id":7139,"href":"https:\/\/paroquiavilarandorinho.pt\/index.php?rest_route=\/wp\/v2\/pages\/7130\/revisions\/7139"}],"wp:attachment":[{"href":"https:\/\/paroquiavilarandorinho.pt\/index.php?rest_route=%2Fwp%2Fv2%2Fmedia&parent=7130"}],"curies":[{"name":"wp","href":"https:\/\/api.w.org\/{rel}","templated":true}]}}