{"id":7318,"date":"2020-07-22T09:26:00","date_gmt":"2020-07-22T08:26:00","guid":{"rendered":"https:\/\/paroquiavilarandorinho.pt\/?page_id=7318"},"modified":"2021-10-11T12:30:12","modified_gmt":"2021-10-11T11:30:12","slug":"diacono","status":"publish","type":"page","link":"https:\/\/paroquiavilarandorinho.pt\/?page_id=7318","title":{"rendered":"Di\u00e1cono"},"content":{"rendered":"<div class=\"wpb-content-wrapper\"><p>[vc_row content_placement=&#8221;middle&#8221; css=&#8221;.vc_custom_1540304086626{padding-top: 0px !important;}&#8221;][vc_column css=&#8221;.vc_custom_1540304338338{padding-right: 27px !important;padding-left: 27px !important;}&#8221;][vc_row_inner][vc_column_inner][vc_single_image image=&#8221;7324&#8243; img_size=&#8221;medium&#8221; alignment=&#8221;center&#8221;][\/vc_column_inner][\/vc_row_inner][vc_row_inner css=&#8221;.vc_custom_1543577196674{margin-bottom: 47px !important;}&#8221;][vc_column_inner][vc_column_text]<\/p>\n<h4 style=\"text-align: justify;\"><em><strong>O que \u00e9 um Di\u00e1cono<\/strong><\/em><\/h4>\n<p style=\"text-align: justify;\"><em>Diakonia<\/em>\u00a0\u00e9 a palavra grega que define a fun\u00e7\u00e3o dos\u00a0<strong>di\u00e1conos<\/strong>. Esta palavra significa servi\u00e7o, e \u00e9 de tanta import\u00e2ncia para a Igreja, que \u00e9 conferida atrav\u00e9s do <strong>sacramento<\/strong>\u00a0da Ordem.<\/p>\n<p style=\"text-align: justify;\">O sacramento da Ordem compreende tr\u00eas graus: o bispado, o presbiterado e o\u00a0<strong>diaconado.<\/strong><\/p>\n<p style=\"text-align: justify;\">A ordem do diaconado foi estabelecida nos primeiros tempos da Igreja, pelos Ap\u00f3stolos, tal como \u00e9 testemunhado no Livro dos Actos dos Ap\u00f3stolos:<\/p>\n<p style=\"text-align: justify;\">&#8220;<em>Naqueles dias, como crescesse o n\u00famero dos disc\u00edpulos, houve queixas dos gregos contra os hebreus, porque as suas vi\u00favas teriam sido negligenciadas na distribui\u00e7\u00e3o di\u00e1ria.\u00a0Por isso, os Doze convocaram uma reuni\u00e3o dos disc\u00edpulos e disseram: N\u00e3o \u00e9 razo\u00e1vel que abandonemos a palavra de Deus, para administrar.\u00a0Portanto, irm\u00e3os, escolhei dentre v\u00f3s sete homens de boa reputa\u00e7\u00e3o, cheios do Esp\u00edrito Santo e de sabedoria, aos quais encarregaremos este of\u00edcio.\u00a0N\u00f3s atenderemos sem cessar \u00e0 ora\u00e7\u00e3o e ao minist\u00e9rio da palavra.\u00a0Este parecer agradou a toda a reuni\u00e3o. Escolheram Est\u00eav\u00e3o, homem cheio de f\u00e9 e do Esp\u00edrito Santo; Filipe, Pr\u00f3coro, Nicanor, Tim\u00e3o, P\u00e1rmenas e Nicolau, pros\u00e9lito de Antioquia.\u00a0Apresentaram-nos aos ap\u00f3stolos, e estes, orando, impuseram-lhes as m\u00e3os.&#8221; (Atos 6, 1-<\/em>6)<\/p>\n<p style=\"text-align: justify;\">Segundo o Catecismo da Igreja Cat\u00f3lica (n. 1554) a ordem do <strong>diaconado<\/strong> destina-se a ajudar e a servir os bispos e presb\u00edteros.<\/p>\n<p style=\"text-align: justify;\"><em>Os\u00a0<strong>di\u00e1conos<\/strong>\u00a0participam de modo especial na miss\u00e3o e na gra\u00e7a de Cristo.<\/em><\/p>\n<p style=\"text-align: justify;\"><em>O <strong>sacramento<\/strong>\u00a0da Ordem marca-os com um\u00a0<\/em><em>selo\u00a0<\/em><em>(&#8216;car\u00e1cter&#8217;) que ningu\u00e9m pode fazer desaparecer e que os configura com Cristo, que se fez &#8216;<strong>di\u00e1cono<\/strong>&#8216;, isto \u00e9, o servo de todos. Entre outros servi\u00e7os, pertence aos\u00a0<strong>di\u00e1conos<\/strong>\u00a0assistir o bispo e os sacerdotes na celebra\u00e7\u00e3o dos divinos mist\u00e9rios, sobretudo da Eucaristia, distribu\u00ed-la, assistir ao Matrim\u00f3nio e aben\u00e7o\u00e1-lo, proclamar o Evangelho e pregar, presidir aos funerais e consagrar-se aos diversos servi\u00e7os da caridade<\/em>.&#8221; (<a href=\"http:\/\/www.vatican.va\/archive\/cathechism_po\/index_new\/p2s2cap3_1533-1666_po.html\">Catecismo da Igreja Cat\u00f3lica<\/a>, 1570)<\/p>\n<p style=\"text-align: justify;\">Um\u00a0<strong>di\u00e1cono<\/strong>\u00a0pode baptizar, aben\u00e7oar matrim\u00f3nios, levar a comunh\u00e3o aos enfermos , presidir a funerais, celebrar a Liturgia da Palavra, pregar, evangelizar e catequizar.<\/p>\n<p style=\"text-align: justify;\">Por\u00e9m, n\u00e3o pode, ao contr\u00e1rio do sacerdote, celebrar o\u00a0<strong>sacramento<\/strong>\u00a0da Eucaristia, confessar ou administrar a Un\u00e7\u00e3o aos enfermos.<\/p>\n<p style=\"text-align: justify;\">Outra diferen\u00e7a entre\u00a0<strong>di\u00e1conos<\/strong>\u00a0e sacerdotes, \u00e9 que enquanto os sacerdotes vivem como celibat\u00e1rios, os\u00a0<strong>di\u00e1conos<\/strong>\u00a0podem ser casados.<\/p>\n<p style=\"text-align: justify;\">O esp\u00edrito de servi\u00e7o \u00e0 Igreja e \u00e0 comunidade \u00e9 transmitido pela <strong>Dalm\u00e1tica;<\/strong> uma esp\u00e9cie de avental usado pelo di\u00e1cono, durante as celebra\u00e7\u00f5es lit\u00fargicas.<\/p>\n<p style=\"text-align: justify;\"><strong>Di\u00e1cono <\/strong>\u00e9 assim algu\u00e9m que, investido e fortalecido pelo sacramento da Ordem, se dedica a ajudar a Igreja na vida lit\u00fargica, pastoral, nas obras sociais e caritativas.<\/p>\n<p style=\"text-align: justify;\"><strong> Louren\u00e7o<\/strong> foi um dos primeiros di\u00e1conos de Roma. Viveu no s\u00e9c III mas continua a dar-nos um exemplo de servi\u00e7o e amor sem limites, aos outros e \u00e0 Igreja.<\/p>\n<p style=\"text-align: justify;\">\u00c9 um grande orgulho e ao mesmo tempo uma enorme responsabilidade, servir a Igreja em Vilar de Andorinho onde uma Capela dedicada a t\u00e3o grande Santo, na sua pequenez e simplicidade me apontam todos os dias a humildade e a dedica\u00e7\u00e3o que este servi\u00e7o exige.<\/p>\n<p style=\"text-align: justify;\">Assim Deus me permita caminhar convosco sempre como servo, em verdade e sem aspirar a mais que apenas \u201cservir o Senhor com alegria\u201d!<\/p>\n<p style=\"text-align: justify;\">Obrigado<\/p>\n<h4 style=\"text-align: justify;\"><strong>Informa\u00e7\u00f5es\/ Contactos<\/strong><\/h4>\n<p style=\"text-align: justify;\"><strong>Di\u00e1cono Permanente:<\/strong><\/p>\n<p style=\"text-align: justify;\">Jos\u00e9 Lu\u00eds Leite Ferreira<br \/>\n<strong>Data Nascimento:<\/strong> 13.Out.1964<br \/>\n<strong>Data Ordena\u00e7\u00e3o:<\/strong> 08.Dez.2013<br \/>\n<strong>Contacto:<\/strong> 917557013<br \/>\n<strong>Email:<\/strong> <a href=\"mailto:talvezchova@gmail.com\">talvezchova@gmail.com<\/a><\/p>\n<p>[\/vc_column_text][\/vc_column_inner][\/vc_row_inner][\/vc_column][\/vc_row]<\/p>\n<\/div>","protected":false},"excerpt":{"rendered":"<p>[vc_row content_placement=&#8221;middle&#8221; css=&#8221;.vc_custom_1540304086626{padding-top: 0px !important;}&#8221;][vc_column css=&#8221;.vc_custom_1540304338338{padding-right: 27px !important;padding-left: 27px !important;}&#8221;][vc_row_inner][vc_column_inner][vc_single_image image=&#8221;7324&#8243; img_size=&#8221;medium&#8221; alignment=&#8221;center&#8221;][\/vc_column_inner][\/vc_row_inner][vc_row_inner css=&#8221;.vc_custom_1543577196674{margin-bottom: 47px !important;}&#8221;][vc_column_inner][vc_column_text] O que \u00e9 um Di\u00e1cono Diakonia\u00a0\u00e9 a palavra grega que define a fun\u00e7\u00e3o dos\u00a0di\u00e1conos. [&hellip;]<\/p>\n","protected":false},"author":1,"featured_media":0,"parent":0,"menu_order":0,"comment_status":"closed","ping_status":"closed","template":"","meta":{"_acf_changed":false,"rs_blank_template":"","rs_page_bg_color":"#ffffff","slide_template_v7":"","footnotes":""},"class_list":["post-7318","page","type-page","status-publish","hentry"],"acf":[],"_links":{"self":[{"href":"https:\/\/paroquiavilarandorinho.pt\/index.php?rest_route=\/wp\/v2\/pages\/7318","targetHints":{"allow":["GET"]}}],"collection":[{"href":"https:\/\/paroquiavilarandorinho.pt\/index.php?rest_route=\/wp\/v2\/pages"}],"about":[{"href":"https:\/\/paroquiavilarandorinho.pt\/index.php?rest_route=\/wp\/v2\/types\/page"}],"author":[{"embeddable":true,"href":"https:\/\/paroquiavilarandorinho.pt\/index.php?rest_route=\/wp\/v2\/users\/1"}],"replies":[{"embeddable":true,"href":"https:\/\/paroquiavilarandorinho.pt\/index.php?rest_route=%2Fwp%2Fv2%2Fcomments&post=7318"}],"version-history":[{"count":7,"href":"https:\/\/paroquiavilarandorinho.pt\/index.php?rest_route=\/wp\/v2\/pages\/7318\/revisions"}],"predecessor-version":[{"id":9599,"href":"https:\/\/paroquiavilarandorinho.pt\/index.php?rest_route=\/wp\/v2\/pages\/7318\/revisions\/9599"}],"wp:attachment":[{"href":"https:\/\/paroquiavilarandorinho.pt\/index.php?rest_route=%2Fwp%2Fv2%2Fmedia&parent=7318"}],"curies":[{"name":"wp","href":"https:\/\/api.w.org\/{rel}","templated":true}]}}