{"id":7520,"date":"2020-07-29T16:55:32","date_gmt":"2020-07-29T15:55:32","guid":{"rendered":"https:\/\/paroquiavilarandorinho.pt\/?page_id=7520"},"modified":"2020-07-29T16:56:38","modified_gmt":"2020-07-29T15:56:38","slug":"funcionamento-apostolado","status":"publish","type":"page","link":"https:\/\/paroquiavilarandorinho.pt\/?page_id=7520","title":{"rendered":"Funcionamento e informa\u00e7\u00f5es \u00fateis"},"content":{"rendered":"<div class=\"wpb-content-wrapper\"><p>[vc_row content_placement=&#8221;middle&#8221; css=&#8221;.vc_custom_1540304086626{padding-top: 0px !important;}&#8221;][vc_column css=&#8221;.vc_custom_1540304338338{padding-right: 27px !important;padding-left: 27px !important;}&#8221;][vc_row_inner css=&#8221;.vc_custom_1543577196674{margin-bottom: 47px !important;}&#8221;][vc_column_inner][vc_column_text]<\/p>\n<p><strong>INFORMA\u00c7\u00c3O<\/strong><\/p>\n<p>Durante o m\u00eas de agosto n\u00e3o haver\u00e1 Adora\u00e7\u00e3o ao Sant\u00edssimo \u00e0s quintas-feiras na Igreja Matriz.<br \/>\nRetomaremos este momento comunit\u00e1rio de Ora\u00e7\u00e3o e Adora\u00e7\u00e3o no m\u00eas de setembro.<\/p>\n<p><strong><em>O Secretariado do Apostolado da Ora\u00e7\u00e3o<\/em><\/strong><\/p>\n<p>[\/vc_column_text][\/vc_column_inner][\/vc_row_inner][\/vc_column][\/vc_row]<\/p>\n<\/div>","protected":false},"excerpt":{"rendered":"<p>[vc_row content_placement=&#8221;middle&#8221; css=&#8221;.vc_custom_1540304086626{padding-top: 0px !important;}&#8221;][vc_column css=&#8221;.vc_custom_1540304338338{padding-right: 27px !important;padding-left: 27px !important;}&#8221;][vc_row_inner css=&#8221;.vc_custom_1543577196674{margin-bottom: 47px !important;}&#8221;][vc_column_inner][vc_column_text] INFORMA\u00c7\u00c3O Durante o m\u00eas de agosto n\u00e3o haver\u00e1 Adora\u00e7\u00e3o ao Sant\u00edssimo \u00e0s quintas-feiras na Igreja Matriz. Retomaremos [&hellip;]<\/p>\n","protected":false},"author":1,"featured_media":0,"parent":0,"menu_order":0,"comment_status":"closed","ping_status":"closed","template":"","meta":{"_acf_changed":false,"rs_blank_template":"","rs_page_bg_color":"","slide_template_v7":"","footnotes":""},"class_list":["post-7520","page","type-page","status-publish","hentry"],"acf":[],"_links":{"self":[{"href":"https:\/\/paroquiavilarandorinho.pt\/index.php?rest_route=\/wp\/v2\/pages\/7520","targetHints":{"allow":["GET"]}}],"collection":[{"href":"https:\/\/paroquiavilarandorinho.pt\/index.php?rest_route=\/wp\/v2\/pages"}],"about":[{"href":"https:\/\/paroquiavilarandorinho.pt\/index.php?rest_route=\/wp\/v2\/types\/page"}],"author":[{"embeddable":true,"href":"https:\/\/paroquiavilarandorinho.pt\/index.php?rest_route=\/wp\/v2\/users\/1"}],"replies":[{"embeddable":true,"href":"https:\/\/paroquiavilarandorinho.pt\/index.php?rest_route=%2Fwp%2Fv2%2Fcomments&post=7520"}],"version-history":[{"count":3,"href":"https:\/\/paroquiavilarandorinho.pt\/index.php?rest_route=\/wp\/v2\/pages\/7520\/revisions"}],"predecessor-version":[{"id":15893,"href":"https:\/\/paroquiavilarandorinho.pt\/index.php?rest_route=\/wp\/v2\/pages\/7520\/revisions\/15893"}],"wp:attachment":[{"href":"https:\/\/paroquiavilarandorinho.pt\/index.php?rest_route=%2Fwp%2Fv2%2Fmedia&parent=7520"}],"curies":[{"name":"wp","href":"https:\/\/api.w.org\/{rel}","templated":true}]}}